{"id":897,"date":"2016-04-05T15:39:21","date_gmt":"2016-04-05T13:39:21","guid":{"rendered":"http:\/\/elsa.no\/tromso\/?page_id=897"},"modified":"2026-04-20T20:14:17","modified_gmt":"2026-04-20T18:14:17","slug":"dokumenter","status":"publish","type":"page","link":"https:\/\/elsa.no\/tromso\/om-elsa-tromso\/dokumenter\/","title":{"rendered":"Dokumenter"},"content":{"rendered":"<div id='full_slider_1'  class='avia-fullwidth-slider main_color avia-shadow   avia-builder-el-0  el_before_av_textblock  avia-builder-el-first   container_wrap fullsize'  ><div  class='avia-slideshow av-mdpb35m5-db9ac5ef338aa003d36c72fe8269ef64 avia-slideshow-featured av_slideshow_full avia-slide-slider av-slideshow-ui av-control-default av-slideshow-manual av-loop-once av-loop-manual-endless av-default-height-applied   avia-slideshow-1' data-slideshow-options=\"{&quot;animation&quot;:&quot;slide&quot;,&quot;autoplay&quot;:false,&quot;loop_autoplay&quot;:&quot;once&quot;,&quot;interval&quot;:5,&quot;loop_manual&quot;:&quot;manual-endless&quot;,&quot;autoplay_stopper&quot;:false,&quot;noNavigation&quot;:false,&quot;bg_slider&quot;:false,&quot;keep_padding&quot;:false,&quot;hoverpause&quot;:false,&quot;show_slide_delay&quot;:0}\"  itemprop=\"image\" itemscope=\"itemscope\" itemtype=\"https:\/\/schema.org\/ImageObject\" ><ul class='avia-slideshow-inner ' style='padding-bottom: 28.666666666667%;'><li  class='avia-slideshow-slide av-mdpb35m5-db9ac5ef338aa003d36c72fe8269ef64__0  av-single-slide slide-1 slide-odd'><div data-rel='slideshow-1' class='avia-slide-wrap '   ><img decoding=\"async\" class=\"wp-image-3398 avia-img-lazy-loading-not-3398\"  src=\"https:\/\/i0.wp.com\/elsa.no\/tromso\/files\/2025\/10\/Gruppebilde-horisontal-scaled.jpg?resize=1500%2C430&ssl=1\" width=\"1500\" height=\"430\" title='Gruppebilde horisontal' alt=''  itemprop=\"thumbnailUrl\"   \/><\/div><\/li><\/ul><\/div><\/div><div id='after_full_slider_1'  class='main_color av_default_container_wrap container_wrap fullsize'  ><div class='container av-section-cont-open' ><div class='template-page content  av-content-full alpha units'><div class='post-entry post-entry-type-page post-entry-897'><div class='entry-content-wrapper clearfix'>\n<section  class='av_textblock_section av-mdp3um6l-efbef5ea9242c9fef0a47f43066e7dcf'  itemscope=\"itemscope\" itemtype=\"https:\/\/schema.org\/CreativeWork\" ><div class='avia_textblock'  itemprop=\"text\" ><h1><span style=\"color: #0a3087;\">DOKUMENTER<\/span><\/h1>\n<\/div><\/section>\n<section  class='av_textblock_section av-12vyu9-e2e1445b0f6c86077876e4578a16a85d'  itemscope=\"itemscope\" itemtype=\"https:\/\/schema.org\/CreativeWork\" ><div class='avia_textblock'  itemprop=\"text\" ><p>Her kan du finne en oppdatert versjon av ELSA Troms\u00f8s vedtekter og dokumenter.<\/p>\n<\/div><\/section>\n<div  class='hr av-uiuk9-b2b608c66b37fe4933c5864485c53951 hr-default  avia-builder-el-3  el_after_av_textblock  el_before_av_toggle_container '><span class='hr-inner '><span class=\"hr-inner-style\"><\/span><\/span><\/div>\n\n<style type=\"text\/css\" data-created_by=\"avia_inline_auto\" id=\"style-css-av-mo7ikttl-448702e1a3aafcb63becdf9c4b5b81dc\">\n#top .togglecontainer.av-mo7ikttl-448702e1a3aafcb63becdf9c4b5b81dc p.toggler{\ncolor:#ffffff;\nbackground-color:#0a3087;\n}\n#top .togglecontainer.av-mo7ikttl-448702e1a3aafcb63becdf9c4b5b81dc p.toggler .toggle_icon{\ncolor:#ffffff;\nborder-color:#ffffff;\n}\n#top .togglecontainer.av-mo7ikttl-448702e1a3aafcb63becdf9c4b5b81dc .toggle_wrap .toggle_content{\ncolor:#ffffff;\nbackground-color:#0a3087;\n}\n<\/style>\n<div  class='togglecontainer av-mo7ikttl-448702e1a3aafcb63becdf9c4b5b81dc av-minimal-toggle  avia-builder-el-4  el_after_av_hr  avia-builder-el-last  toggle_close_all' >\n<section class='av_toggle_section av-av_toggle-b790b1deb319445a3e38d70537607757'  itemscope=\"itemscope\" itemtype=\"https:\/\/schema.org\/CreativeWork\" ><div role=\"tablist\" class=\"single_toggle\" data-tags=\"{All} \"  ><p data-fake-id='#toggle-id-1' class='toggler   av-inherit-font-color hasCustomColor'  itemprop=\"headline\"  role='tab' tabindex='0' aria-controls='toggle-id-1'>Vedtekter<span class=\"toggle_icon\"><span class=\"vert_icon\"><\/span><span class=\"hor_icon\"><\/span><\/span><\/p><div id='toggle-id-1' class='toggle_wrap  '  ><div class='toggle_content invers-color av-inherit-font-color hasCustomColor'  itemprop=\"text\" ><p><a href=\"https:\/\/elsa.no\/tromso\/files\/2026\/04\/Copy-of-Vedtekter-ELSA-Tromso-oppdatert-2026.docx.pdf\">VEDTEKTER FOR ELSA TROMS\u00d8<\/a><\/p>\n<p>Sist oppdatert p\u00e5 generalforsamlingen v\u00e5ren 2026.<\/p>\n<\/div><\/div><\/div><\/section>\n<section class='av_toggle_section av-av_toggle-d7e988157b31f7f00de1b64ad9b95d7a'  itemscope=\"itemscope\" itemtype=\"https:\/\/schema.org\/CreativeWork\" ><div role=\"tablist\" class=\"single_toggle\" data-tags=\"{All} \"  ><p data-fake-id='#toggle-id-2' class='toggler   av-inherit-font-color hasCustomColor'  itemprop=\"headline\"  role='tab' tabindex='0' aria-controls='toggle-id-2'>Eksempel p\u00e5 motivasjonsbrev<span class=\"toggle_icon\"><span class=\"vert_icon\"><\/span><span class=\"hor_icon\"><\/span><\/span><\/p><div id='toggle-id-2' class='toggle_wrap  '  ><div class='toggle_content invers-color av-inherit-font-color hasCustomColor'  itemprop=\"text\" ><p data-start=\"98\" data-end=\"150\"><strong data-start=\"98\" data-end=\"150\">Motivasjonsbrev for vervet som [navn p\u00e5 verv].<\/strong><\/p>\n<p data-start=\"152\" data-end=\"203\">Kj\u00e6re ELSA Troms\u00f8.<\/p>\n<p data-start=\"205\" data-end=\"496\">Mitt navn er\u00a0<strong>[Ditt navn]<\/strong>, og jeg er for tiden\u00a0<strong>[din n\u00e5v\u00e6rende studie\u00e5r\/posisjon]<\/strong>. De siste<strong>\u00a0[antall m\u00e5neder\/\u00e5r]<\/strong>\u00a0har jeg hatt gleden av \u00e5 inneha vervet som [din n\u00e5v\u00e6rende rolle] i [organisasjonens navn], en erfaring som har v\u00e6rt b\u00e5de utfordrende og utviklende for meg, b\u00e5de personlig og faglig.<\/p>\n<p data-start=\"498\" data-end=\"984\">Gjennom mitt engasjement i\u00a0<strong>[organisasjonens navn]<\/strong>\u00a0har jeg opparbeidet meg en solid forst\u00e5else av organisasjonens struktur, arbeidsoppgaver og interne prosesser. Jeg har v\u00e6rt sv\u00e6rt motivert i mine ansvarsomr\u00e5der, og vervet har gitt meg muligheten til \u00e5 videreutvikle mine organisatoriske ferdigheter, samt etablere sterke relasjoner til organisasjonens medlemmer. Denne erfaringen, sammen med min entusiasme og dedikasjon, gj\u00f8r at jeg n\u00e5 \u00f8nsker \u00e5 stille til vervet som\u00a0<strong>[navn p\u00e5 verv].<\/strong><\/p>\n<p data-start=\"986\" data-end=\"1493\">Jeg har gode samarbeidsevner, en strukturert arbeidsstil og en grundig forst\u00e5else av hva vervet som\u00a0<strong>[navn p\u00e5 verv]<\/strong>\u00a0inneb\u00e6rer. Min tidligere erfaring i organisasjonen har gitt meg innsyn i de interne rutinene og prosessene, noe som vil v\u00e6re en stor fordel i \u00e5 sikre kontinuitet og effektivitet i styrets arbeid. Jeg er sv\u00e6rt motivert for \u00e5 bidra til \u00e5 videref\u00f8re og videreutvikle det sterke arbeidet som allerede er lagt ned, og ser frem til muligheten til \u00e5 kunne bidra med min kompetanse i denne rollen.<\/p>\n<p data-start=\"1495\" data-end=\"1633\">Jeg ser frem til muligheten til \u00e5 fortsette mitt engasjement i ELSA og til \u00e5 bidra til organisasjonens videre utvikling.<\/p>\n<p data-start=\"1635\" data-end=\"1668\">Med vennlig hilsen,<br data-start=\"1654\" data-end=\"1657\" \/><strong>[Ditt navn]<\/strong><\/p>\n<\/div><\/div><\/div><\/section>\n<section class='av_toggle_section av-mo7ikrxb-be352dc17864c2e00ec509a59e9f117c'  itemscope=\"itemscope\" itemtype=\"https:\/\/schema.org\/CreativeWork\" ><div role=\"tablist\" class=\"single_toggle\" data-tags=\"{All} \"  ><p data-fake-id='#toggle-id-3' class='toggler   av-inherit-font-color hasCustomColor'  itemprop=\"headline\"  role='tab' tabindex='0' aria-controls='toggle-id-3'>Generalforsamlinger 25\/26<span class=\"toggle_icon\"><span class=\"vert_icon\"><\/span><span class=\"hor_icon\"><\/span><\/span><\/p><div id='toggle-id-3' class='toggle_wrap  '  ><div class='toggle_content invers-color av-inherit-font-color hasCustomColor'  itemprop=\"text\" ><p><a href=\"https:\/\/elsa.no\/tromso\/files\/2026\/04\/Generalforsamling-host-2025-protokoll.pdf\">GF-pakken H25<\/a><\/p>\n<p><a href=\"https:\/\/elsa.no\/tromso\/files\/2026\/04\/Protokoll_referat-GF-H25.pdf\">Protokoll H25<\/a><\/p>\n<p><a href=\"https:\/\/elsa.no\/tromso\/files\/2026\/04\/GF-pakken-2026.pdf\">GF-pakken V26<\/a><\/p>\n<p><a href=\"https:\/\/elsa.no\/tromso\/files\/2026\/04\/GF-pakken-ekstraordinaer.pdf\">GF-pakken for ekstraordin\u00e6r GF V26<\/a><\/p>\n<p><a href=\"https:\/\/elsa.no\/tromso\/files\/2026\/04\/Protokoll-for-generalforsamling-varen-2026.pdf\">Protokoll V26<\/a><\/p>\n<p><a href=\"https:\/\/elsa.no\/tromso\/files\/2026\/04\/Protokoll-for-ekstraordinaer-generalforsamling-varen-2026.pdf\">Protokoll ekstraordin\u00e6r GF V26<\/a><\/p>\n<\/div><\/div><\/div><\/section>\n<\/div>\n","protected":false},"excerpt":{"rendered":"","protected":false},"author":11,"featured_media":0,"parent":24,"menu_order":0,"comment_status":"closed","ping_status":"closed","template":"","meta":{"footnotes":""},"class_list":["post-897","page","type-page","status-publish","hentry"],"jetpack_sharing_enabled":true,"jetpack_shortlink":"https:\/\/wp.me\/P7Vtc6-et","jetpack-related-posts":[],"_links":{"self":[{"href":"https:\/\/elsa.no\/tromso\/wp-json\/wp\/v2\/pages\/897","targetHints":{"allow":["GET"]}}],"collection":[{"href":"https:\/\/elsa.no\/tromso\/wp-json\/wp\/v2\/pages"}],"about":[{"href":"https:\/\/elsa.no\/tromso\/wp-json\/wp\/v2\/types\/page"}],"author":[{"embeddable":true,"href":"https:\/\/elsa.no\/tromso\/wp-json\/wp\/v2\/users\/11"}],"replies":[{"embeddable":true,"href":"https:\/\/elsa.no\/tromso\/wp-json\/wp\/v2\/comments?post=897"}],"version-history":[{"count":63,"href":"https:\/\/elsa.no\/tromso\/wp-json\/wp\/v2\/pages\/897\/revisions"}],"predecessor-version":[{"id":3970,"href":"https:\/\/elsa.no\/tromso\/wp-json\/wp\/v2\/pages\/897\/revisions\/3970"}],"up":[{"embeddable":true,"href":"https:\/\/elsa.no\/tromso\/wp-json\/wp\/v2\/pages\/24"}],"wp:attachment":[{"href":"https:\/\/elsa.no\/tromso\/wp-json\/wp\/v2\/media?parent=897"}],"curies":[{"name":"wp","href":"https:\/\/api.w.org\/{rel}","templated":true}]}}