{"id":3541,"date":"2025-11-05T02:33:39","date_gmt":"2025-11-05T01:33:39","guid":{"rendered":"https:\/\/elsa.no\/tromso\/?page_id=3541"},"modified":"2025-11-06T23:11:35","modified_gmt":"2025-11-06T22:11:35","slug":"elsa-lawschools","status":"publish","type":"page","link":"https:\/\/elsa.no\/tromso\/aktiviteter\/elsa-lawschools\/","title":{"rendered":"ELSA Lawschools"},"content":{"rendered":"<div id='full_slider_1'  class='avia-fullwidth-slider main_color avia-shadow   avia-builder-el-0  el_before_av_textblock  avia-builder-el-first   container_wrap fullsize'  ><div  class='avia-slideshow av-mhlbhjei-a0b590c9250182266b21796bd412d324 avia-slideshow-featured av_slideshow_full avia-slide-slider av-slideshow-ui av-control-default av-slideshow-manual av-loop-once av-loop-manual-endless av-default-height-applied   avia-slideshow-1' data-slideshow-options=\"{&quot;animation&quot;:&quot;slide&quot;,&quot;autoplay&quot;:false,&quot;loop_autoplay&quot;:&quot;once&quot;,&quot;interval&quot;:5,&quot;loop_manual&quot;:&quot;manual-endless&quot;,&quot;autoplay_stopper&quot;:false,&quot;noNavigation&quot;:false,&quot;bg_slider&quot;:false,&quot;keep_padding&quot;:false,&quot;hoverpause&quot;:false,&quot;show_slide_delay&quot;:0}\"  itemprop=\"image\" itemscope=\"itemscope\" itemtype=\"https:\/\/schema.org\/ImageObject\" ><ul class='avia-slideshow-inner ' style='padding-bottom: 28.666666666667%;'><li  class='avia-slideshow-slide av-mhlbhjei-a0b590c9250182266b21796bd412d324__0  av-single-slide slide-1 slide-odd'><div data-rel='slideshow-1' class='avia-slide-wrap '   ><img decoding=\"async\" class=\"wp-image-3398 avia-img-lazy-loading-not-3398\"  src=\"https:\/\/i0.wp.com\/elsa.no\/tromso\/files\/2025\/10\/Gruppebilde-horisontal-scaled.jpg?resize=1500%2C430&ssl=1\" width=\"1500\" height=\"430\" title='Gruppebilde horisontal' alt=''  itemprop=\"thumbnailUrl\"   \/><\/div><\/li><\/ul><\/div><\/div><div id='after_full_slider_1'  class='main_color av_default_container_wrap container_wrap fullsize'  ><div class='container av-section-cont-open' ><div class='template-page content  av-content-full alpha units'><div class='post-entry post-entry-type-page post-entry-3541'><div class='entry-content-wrapper clearfix'>\n<section  class='av_textblock_section av-mhlcujge-37a1389a7dc8cad49c36b2a50072291a'  itemscope=\"itemscope\" itemtype=\"https:\/\/schema.org\/CreativeWork\" ><div class='avia_textblock'  itemprop=\"text\" ><h1>ELSA LAWSCHOOLS<\/h1>\n<\/div><\/section>\n<div  class='av_promobox av-mhnzefbc-b2a7488954e38f874e755eb2a88da4d3 avia-button-yes  avia-builder-el-2  el_after_av_textblock  el_before_av_hr '><div class='avia-promocontent'><p>Visste du at studenter med gyldig studieplass ved Det Juridiske Fakultet ved UiT, som er medlem i ELSA Troms\u00f8, kan s\u00f8ke om \u00e5 f\u00e5 dekt inntil 1\/3 av kostnadsestimatet for boutgifter, deltagerkontigent, fly tur\/retur og transport tur\/retur flyplass. Ved s\u00e6rlige tilfeller kan medlemmet fa\u030adekket mer enn 1\/3 av kostnadsestimatet?<\/p>\n<\/div><div  class='avia-button-wrap av-mhnzefbc-e965558f3d4d698f56de2af1afa00d2d-wrap avia-button-right '><a href='https:\/\/elsa.no\/tromso\/aktiviteter\/go-international-fondet\/'  class='avia-button av-mhnzefbc-e965558f3d4d698f56de2af1afa00d2d avia-icon_select-no avia-size-large avia-position-right avia-color-theme-color'  ><span class='avia_iconbox_title' >Les mer<\/span><\/a><\/div><\/div>\n<div  class='hr av-av_hr-f04ef840c2b66cff6c43fead44ee8d66 hr-default  avia-builder-el-3  el_after_av_promobox  el_before_av_one_half '><span class='hr-inner '><span class=\"hr-inner-style\"><\/span><\/span><\/div>\n<div class='flex_column av-9qidzp-28a53178fbc148ce0f09796399f7af28 av_one_half  avia-builder-el-4  el_after_av_hr  el_before_av_one_half  first flex_column_div '     ><section  class='av_textblock_section av-mhlbokmy-56b2603842dc81f9796d0060a4478888'  itemscope=\"itemscope\" itemtype=\"https:\/\/schema.org\/CreativeWork\" ><div class='avia_textblock'  itemprop=\"text\" ><p>ELSA Law Schools er sommer- og vinterskoler som arrangeres over hele Europa. Skolene kjennetegnes av at de har faglig h\u00f8y kvalitet, samtidig som de er mye billigere er andre sommerskoler. Det akademiske programmet er vanligvis resultatet av et samarbeid med anerkjente universiteter og advokatfirmaer. I tillegg har de et stort sosialt program, der du blir kjent med jusstudenter fra andre europeiske land.<\/p>\n<p>Skolene varer i mellom \u00e9n og to uker.\u00a0ELSA Law Schools har to sykluser: sommer og vinter. De fleste skolene finner sted om sommeren, s\u00e5 sommerskolene (SELS) har felles publisering og s\u00f8knadsfrist hver v\u00e5r. Da finner du alle skolene og s\u00f8knadsskjema p\u00e5\u00a0<a href=\"https:\/\/lawschools.elsa.org\/\">Law Schools-portalen<\/a>.<\/p>\n<p>Ikke \u00e5 glipp av muligheten til \u00e5 reise til et annet europeisk land, f\u00e5 nye faglige impulser og nye venner! Du finner ogs\u00e5 mye informasjon p\u00e5 den internasjonale\u00a0<a href=\"https:\/\/lawschools.elsa.org\/faq\/\">Law Schools-portalen<\/a>.<\/p>\n<\/div><\/section><\/div>\n<div class='flex_column av-6wreph-db934f08d5d19e398111644a62a1fdbf av_one_half  avia-builder-el-6  el_after_av_one_half  el_before_av_hr  flex_column_div '     ><div  class='avia-video av-mhlcsqtt-cf1178901a376a5af56cc364e1125336 avia-video-16-9 av-no-preview-image avia-video-load-always avia-video-html5'  itemprop=\"video\" itemtype=\"https:\/\/schema.org\/VideoObject\"  data-original_url='https:\/\/elsa.no\/tromso\/files\/2025\/07\/Elsa-Internasjonale-Tilbud-1.mp4'><video class='avia_video'    preload=\"auto\"  controls id='player_3541_1005691917_650942033'><source src='https:\/\/elsa.no\/tromso\/files\/2025\/07\/Elsa-Internasjonale-Tilbud-1.mp4' type='video\/mp4' \/><\/video><\/div><\/div>\n<div  class='hr av-54qgb9-4872529d95a4ec3f6b8ca3a0c0426f07 hr-default  avia-builder-el-8  el_after_av_one_half  el_before_av_one_half '><span class='hr-inner '><span class=\"hr-inner-style\"><\/span><\/span><\/div>\n<div class='flex_column av-3tpuo5-0eafcc2bd132ef2b81f670f71bbceda3 av_one_half  avia-builder-el-9  el_after_av_hr  el_before_av_one_half  first flex_column_div '     ><style type=\"text\/css\" data-created_by=\"avia_inline_auto\" id=\"style-css-av-mhlcvbn3-c4e3606997868c1aef4b9cf5b1de9ca8\">\n.avia-image-container.av-mhlcvbn3-c4e3606997868c1aef4b9cf5b1de9ca8 img.avia_image{\nbox-shadow:none;\n}\n.avia-image-container.av-mhlcvbn3-c4e3606997868c1aef4b9cf5b1de9ca8 .av-image-caption-overlay-center{\ncolor:#ffffff;\n}\n<\/style>\n<div  class='avia-image-container av-mhlcvbn3-c4e3606997868c1aef4b9cf5b1de9ca8 av-styling- avia-align-center  avia-builder-el-10  avia-builder-el-no-sibling '   itemprop=\"image\" itemscope=\"itemscope\" itemtype=\"https:\/\/schema.org\/ImageObject\" ><div class=\"avia-image-container-inner\"><div class=\"avia-image-overlay-wrap\"><img decoding=\"async\" class='wp-image-3547 avia-img-lazy-loading-not-3547 avia_image ' src=\"https:\/\/i0.wp.com\/elsa.no\/tromso\/files\/2025\/11\/SELS-300x130-1.png?fit=300%2C130&ssl=1\" alt='' title='SELS-300x130'  height=\"130\" width=\"300\"  itemprop=\"thumbnailUrl\"  \/><\/div><\/div><\/div><\/div>\n<div class='flex_column av-2lezjp-7a1b5be697bbfcc31abe36d58165e8a2 av_one_half  avia-builder-el-11  el_after_av_one_half  avia-builder-el-last  flex_column_div '     ><style type=\"text\/css\" data-created_by=\"avia_inline_auto\" id=\"style-css-av-mhlcvgls-0c61931cfe03f5beaaad6d7bbfe95e35\">\n.avia-image-container.av-mhlcvgls-0c61931cfe03f5beaaad6d7bbfe95e35 img.avia_image{\nbox-shadow:none;\n}\n.avia-image-container.av-mhlcvgls-0c61931cfe03f5beaaad6d7bbfe95e35 .av-image-caption-overlay-center{\ncolor:#ffffff;\n}\n<\/style>\n<div  class='avia-image-container av-mhlcvgls-0c61931cfe03f5beaaad6d7bbfe95e35 av-styling- avia-align-center  avia-builder-el-12  avia-builder-el-no-sibling '   itemprop=\"image\" itemscope=\"itemscope\" itemtype=\"https:\/\/schema.org\/ImageObject\" ><div class=\"avia-image-container-inner\"><div class=\"avia-image-overlay-wrap\"><img decoding=\"async\" class='wp-image-3546 avia-img-lazy-loading-not-3546 avia_image ' src=\"https:\/\/i0.wp.com\/elsa.no\/tromso\/files\/2025\/11\/WELS.png?fit=300%2C127&ssl=1\" alt='' title='WELS'  height=\"127\" width=\"300\"  itemprop=\"thumbnailUrl\"  \/><\/div><\/div><\/div><\/div>\n","protected":false},"excerpt":{"rendered":"","protected":false},"author":11,"featured_media":0,"parent":3579,"menu_order":3,"comment_status":"closed","ping_status":"closed","template":"","meta":{"jetpack_post_was_ever_published":false,"footnotes":""},"class_list":["post-3541","page","type-page","status-publish","hentry"],"jetpack_sharing_enabled":true,"jetpack_shortlink":"https:\/\/wp.me\/P7Vtc6-V7","jetpack-related-posts":[],"_links":{"self":[{"href":"https:\/\/elsa.no\/tromso\/wp-json\/wp\/v2\/pages\/3541","targetHints":{"allow":["GET"]}}],"collection":[{"href":"https:\/\/elsa.no\/tromso\/wp-json\/wp\/v2\/pages"}],"about":[{"href":"https:\/\/elsa.no\/tromso\/wp-json\/wp\/v2\/types\/page"}],"author":[{"embeddable":true,"href":"https:\/\/elsa.no\/tromso\/wp-json\/wp\/v2\/users\/11"}],"replies":[{"embeddable":true,"href":"https:\/\/elsa.no\/tromso\/wp-json\/wp\/v2\/comments?post=3541"}],"version-history":[{"count":11,"href":"https:\/\/elsa.no\/tromso\/wp-json\/wp\/v2\/pages\/3541\/revisions"}],"predecessor-version":[{"id":3637,"href":"https:\/\/elsa.no\/tromso\/wp-json\/wp\/v2\/pages\/3541\/revisions\/3637"}],"up":[{"embeddable":true,"href":"https:\/\/elsa.no\/tromso\/wp-json\/wp\/v2\/pages\/3579"}],"wp:attachment":[{"href":"https:\/\/elsa.no\/tromso\/wp-json\/wp\/v2\/media?parent=3541"}],"curies":[{"name":"wp","href":"https:\/\/api.w.org\/{rel}","templated":true}]}}