{"id":40,"date":"2025-11-11T15:57:23","date_gmt":"2025-11-11T15:57:23","guid":{"rendered":"https:\/\/elsa.no\/stavanger\/?page_id=40"},"modified":"2025-12-23T12:56:53","modified_gmt":"2025-12-23T12:56:53","slug":"prosedyrekonkurransen","status":"publish","type":"page","link":"https:\/\/elsa.no\/stavanger\/prosedyrekonkurransen\/","title":{"rendered":"Prosedyrekonkurransen"},"content":{"rendered":"<div id='full_slider_1'  class='avia-fullwidth-slider main_color avia-shadow   avia-builder-el-0  el_before_av_textblock  avia-builder-el-first   container_wrap fullsize'  ><div  class='avia-slideshow av-mdp28lsi-b6ac9c85f5fc6ab9b6f2ae4eea119753 avia-slideshow-featured av_slideshow_full avia-slide-slider av-slideshow-ui av-control-default av-slideshow-manual av-loop-once av-loop-manual-endless av-default-height-applied   avia-slideshow-1' data-slideshow-options=\"{&quot;animation&quot;:&quot;slide&quot;,&quot;autoplay&quot;:false,&quot;loop_autoplay&quot;:&quot;once&quot;,&quot;interval&quot;:5,&quot;loop_manual&quot;:&quot;manual-endless&quot;,&quot;autoplay_stopper&quot;:false,&quot;noNavigation&quot;:false,&quot;bg_slider&quot;:false,&quot;keep_padding&quot;:false,&quot;hoverpause&quot;:false,&quot;show_slide_delay&quot;:0}\"  itemprop=\"image\" itemscope=\"itemscope\" itemtype=\"https:\/\/schema.org\/ImageObject\" ><ul class='avia-slideshow-inner ' style='padding-bottom: 28.666666666667%;'><li  class='avia-slideshow-slide av-mdp28lsi-b6ac9c85f5fc6ab9b6f2ae4eea119753__1  av-single-slide slide-1 slide-odd'><div data-rel='slideshow-1' class='avia-slide-wrap '   ><img decoding=\"async\" class=\"wp-image-34 avia-img-lazy-loading-not-34\"  src=\"https:\/\/elsa.no\/stavanger\/files\/2025\/11\/photo-1739890723805-e0b373bd9671-1500x430.avif\" width=\"1500\" height=\"430\" title='photo-1739890723805-e0b373bd9671' alt=''  itemprop=\"thumbnailUrl\"   \/><\/div><\/li><\/ul><\/div><\/div><div id='after_full_slider_1'  class='main_color av_default_container_wrap container_wrap fullsize'  ><div class='container av-section-cont-open' ><div class='template-page content  av-content-full alpha units'><div class='post-entry post-entry-type-page post-entry-40'><div class='entry-content-wrapper clearfix'>\n<section  class='av_textblock_section av-mdp296yl-07566803f59a9486aafb46fd927603bc'  itemscope=\"itemscope\" itemtype=\"https:\/\/schema.org\/CreativeWork\" ><div class='avia_textblock'  itemprop=\"text\" ><h1><span style=\"color: #0a3087\">Prosedyrekonkurransen<\/span><\/h1>\n<\/div><\/section>\n\n<style type=\"text\/css\" data-created_by=\"avia_inline_auto\" id=\"style-css-av-mdp2dv5g-db725fca9c68f9fa3283b8fa1371af89\">\n.avia-icon-grid-container.av-mdp2dv5g-db725fca9c68f9fa3283b8fa1371af89 .avia-icongrid{\njustify-content:space-between;\n}\n.avia-icon-grid-container.av-mdp2dv5g-db725fca9c68f9fa3283b8fa1371af89 .avia-icongrid-wrapper .article-icon-entry{\nbackground-color:#ffffff;\n}\n.avia-icon-grid-container.av-mdp2dv5g-db725fca9c68f9fa3283b8fa1371af89 .avia-icongrid-wrapper .avia-icongrid-icon{\ncolor:#0a3087;\n}\n.avia-icon-grid-container.av-mdp2dv5g-db725fca9c68f9fa3283b8fa1371af89 .avia-icongrid-wrapper .avia-icongrid-content{\nbackground-color:#ffffff;\n}\n.avia-icon-grid-container.av-mdp2dv5g-db725fca9c68f9fa3283b8fa1371af89 .avia-icongrid-wrapper .avia-icongrid-flipback{\nbackground-color:#ffffff;\n}\n<\/style>\n<div  class='avia-icon-grid-container av-mdp2dv5g-db725fca9c68f9fa3283b8fa1371af89  avia-builder-el-2  el_after_av_textblock  el_before_av_hr ' ><ul id='avia-icongrid-69fa0cba50219' class='avia-icongrid clearfix avia_animate_when_almost_visible avia-icongrid-tooltip avia-icongrid-numrow-3 avia-cell-space-between av-flex-cells av-break-767 av-can-break-50'>\n<li class='av-icon-cell-item av-row-with-3-cells av-row-nr-1 av-cell-1 av-first-cell-row av-first-cell-item'><div class='avia-icongrid-wrapper av-mdp2catn-56e446e9c314055db52bf401e7156c8f'><article class='article-icon-entry av-icongrid-empty'  itemscope=\"itemscope\" itemtype=\"https:\/\/schema.org\/CreativeWork\" ><div class='avia-icongrid-front '><div class=\"avia-icongrid-inner\"><div class='avia-icongrid-icon avia-font-entypo-fontello'><span class='icongrid-char' aria-hidden='true' data-av_icon='\ue80a' data-av_iconfont='entypo-fontello'><\/span><\/div><header class=\"entry-content-header\"><h4 class='av_icongrid_title icongrid_title '  itemprop=\"headline\" >Du f\u00e5r 10 studiepoeng<\/h4><\/header><\/div><\/div><div class='avia-icongrid-content' data-class-flipback=''><div class=\"avia-icongrid-inner\"><div class='avia-icongrid-text'  itemprop=\"text\" ><\/div><\/div><\/div><\/article><\/div><\/li>\n<li class='av-icon-cell-item av-row-with-3-cells av-row-nr-1 av-cell-2 av-first-cell-row av-inner-cell-item'><div class='avia-icongrid-wrapper av-mdp2cqm1-dcd463d99745c91093a56041b92f6d2f'><article class='article-icon-entry av-icongrid-empty'  itemscope=\"itemscope\" itemtype=\"https:\/\/schema.org\/CreativeWork\" ><div class='avia-icongrid-front '><div class=\"avia-icongrid-inner\"><div class='avia-icongrid-icon avia-font-entypo-fontello'><span class='icongrid-char' aria-hidden='true' data-av_icon='\ue8c9' data-av_iconfont='entypo-fontello'><\/span><\/div><header class=\"entry-content-header\"><h4 class='av_icongrid_title icongrid_title '  itemprop=\"headline\" >L\u00e6rerikt<\/h4><\/header><\/div><\/div><div class='avia-icongrid-content' data-class-flipback=''><div class=\"avia-icongrid-inner\"><div class='avia-icongrid-text'  itemprop=\"text\" ><\/div><\/div><\/div><\/article><\/div><\/li>\n<li class='av-icon-cell-item av-row-with-3-cells av-row-nr-1 av-cell-3 av-first-cell-row av-last-cell-item'><div class='avia-icongrid-wrapper av-mdp2djs8-4f185c3abf9eca2005109165a6fb1a9f'><article class='article-icon-entry av-icongrid-empty'  itemscope=\"itemscope\" itemtype=\"https:\/\/schema.org\/CreativeWork\" ><div class='avia-icongrid-front '><div class=\"avia-icongrid-inner\"><div class='avia-icongrid-icon avia-font-entypo-fontello'><span class='icongrid-char' aria-hidden='true' data-av_icon='\ue8a8' data-av_iconfont='entypo-fontello'><\/span><\/div><header class=\"entry-content-header\"><h4 class='av_icongrid_title icongrid_title '  itemprop=\"headline\" >Deltakere fra alle avdelinger kan bli med<\/h4><\/header><\/div><\/div><div class='avia-icongrid-content' data-class-flipback=''><div class=\"avia-icongrid-inner\"><div class='avia-icongrid-text'  itemprop=\"text\" ><\/div><\/div><\/div><\/article><\/div><\/li>\n<\/ul><\/div>\n<div  class='hr av-2ryki-f828144b4a1c05b66ea9f04f1d2376cc hr-default  avia-builder-el-3  el_after_av_icongrid  el_before_av_tab_section  avia-builder-el-last '><span class='hr-inner '><span class=\"hr-inner-style\"><\/span><\/span><\/div>\n<\/div><\/div><\/div><!-- close content main div --><\/div><\/div><div id='av-tab-section-1'  class='av-tab-section-container entry-content-wrapper main_color av-tab-no-transition av-tab-content-auto  av-tab-above-content  avia-builder-el-4  el_after_av_hr  el_before_av_textblock  tab-section-not-first container_wrap fullsize'  ><div class='av-tab-section-outer-container av-mhlagnx9-867f07e834e3cc16f4d6526678b990c0'><div class='av-tab-section-tab-title-container avia-tab-title-padding-default' role='tablist'><a href='#om-konkurransen' data-av-tab-section-title='1' class='av-section-tab-title av-active-tab-title no-scroll av-mhla5n6d-65bc9a0eaec529c80b5e97da4c794b1f av-tab-with-icon av-tab-no-image ' role='tab' tabindex='0' aria-controls='av-tab-section-1-1'><span class='av-tab-section-icon' aria-hidden='true' data-av_icon='\ue81e' data-av_iconfont='entypo-fontello'><\/span><span class='av-outer-tab-title'><span class='av-inner-tab-title'>Om konkurransen<\/span><\/span><span class=\"av-tab-arrow-container\"><span><\/span><\/span><\/a><a href='#pmelding' data-av-tab-section-title='2' class='av-section-tab-title  av-mhla69qe-af7a2cb3a9320e27ece708724aef336f av-tab-with-icon av-tab-no-image ' role='tab' tabindex='0' aria-controls='av-tab-section-1-2'><span class='av-tab-section-icon' aria-hidden='true' data-av_icon='\ue82d' data-av_iconfont='entypo-fontello'><\/span><span class='av-outer-tab-title'><span class='av-inner-tab-title'>P\u00e5melding<\/span><\/span><span class=\"av-tab-arrow-container\"><span><\/span><\/span><\/a><a href='#reglement' data-av-tab-section-title='3' class='av-section-tab-title  av-mhlafetn-2af62c54acc6a07d694a16175ba2b8aa av-tab-with-icon av-tab-no-image ' role='tab' tabindex='0' aria-controls='av-tab-section-1-3'><span class='av-tab-section-icon' aria-hidden='true' data-av_icon='\ue83e' data-av_iconfont='entypo-fontello'><\/span><span class='av-outer-tab-title'><span class='av-inner-tab-title'>Reglement<\/span><\/span><span class=\"av-tab-arrow-container\"><span><\/span><\/span><\/a><\/div><div class='avia-slideshow-arrows av-tabsection-arrow' ><a href='#prev' class='prev-slide av_prev_tab_section av-tab-section-slide' aria-hidden='true' data-av_icon='\ue87c' data-av_iconfont='entypo-fontello'  tabindex='-1'>Previous<\/a><a href='#next' class='next-slide av_next_tab_section av-tab-section-slide' aria-hidden='true' data-av_icon='\ue87d' data-av_iconfont='entypo-fontello'  tabindex='-1'>Next<\/a><\/div><div class='av-tab-section-inner-container avia-section-default' style='width:300vw; left:0%;'><span class=\"av_prev_tab_section av_tab_navigation\"><\/span><span class=\"av_next_tab_section av_tab_navigation\"><\/span>\n\n<style type=\"text\/css\" data-created_by=\"avia_inline_auto\" id=\"style-css-av-mhla5n6d-65bc9a0eaec529c80b5e97da4c794b1f\">\n.av-layout-tab.av-mhla5n6d-65bc9a0eaec529c80b5e97da4c794b1f{\nvertical-align:top;\n}\n<\/style>\n<div id='av-tab-section-1-1' class='av-layout-tab av-mhla5n6d-65bc9a0eaec529c80b5e97da4c794b1f av-animation-delay-container  avia-builder-el-5  el_before_av_tab_sub_section  avia-builder-el-first  av-active-tab-content __av_init_open ' data-av-deeplink-tabs=\"\" data-av-tab-section-content=\"1\" data-tab-section-id=\"om-konkurransen\"><div class=\"av-layout-tab-inner\"><div class=\"container\"><section  class='av_textblock_section av-mhla5zg7-40a005dcf129030091bb970363310917'  itemscope=\"itemscope\" itemtype=\"https:\/\/schema.org\/CreativeWork\" ><div class='avia_textblock'  itemprop=\"text\" ><p>ELSA Stavanger arrangerer \u00e5rlig en konkurranse i prosedyreteknikk. Konkurransen utl\u00f8per seg som en fiktiv rettssak hvor deltakerne utfordres i \u00e5 l\u00f8se faglig relevante problemstillinger foran et panel best\u00e5ende av kyndige jurister. To lag m\u00f8tes hver runde som henholdsvis saks\u00f8ker og saks\u00f8kte. Lagene best\u00e5r av 2 studenter. De prosederer i 20 minutter hver, med utgangspunkt i et p\u00e5 forh\u00e5nd utdelt faktum. Det avholdes tre runder, hvor de beste g\u00e5r videre fra hver runde. \u00c5tte lag deltar i kvartfinale, fire lag blir sendt videre til semifinalen, og to lag sendes videre til den storsl\u00e5tte finalen.<\/p>\n<p>Vinnerlaget f\u00e5r representerer fakultetet i den nasjonale prosedyrekonkurransen. Her konkurrerer vinnerlagene fra det juridiske fakultet i Bergen, Kristiansand, Oslo, Stavanger og Troms\u00f8 mot hverandre. Les mer om den nasjonale konkurransen <strong><a href=\"https:\/\/elsa.no\/aa\/enp\/\">her<\/a><\/strong>.<\/p>\n<p>Under forberedelsene f\u00e5r hvert lag tildelt en kompetent veileder som f\u00f8lger dem personlig gjennom konkurransens l\u00f8p. Som regel vil veilederne v\u00e6re frivillige jurister fra lokale advokatkontorer, n\u00e6ringslivet og fakultetet. Prosedyrekonkurransen gir deltakerne en unik mulighet til \u00e5 utvikle seg faglig, danne nettverk og anskaffe relevante erfaringer.<\/p>\n<\/div><\/section>\n<\/div><\/div><\/div>\n<style type=\"text\/css\" data-created_by=\"avia_inline_auto\" id=\"style-css-av-mhla69qe-af7a2cb3a9320e27ece708724aef336f\">\n.av-layout-tab.av-mhla69qe-af7a2cb3a9320e27ece708724aef336f{\nvertical-align:top;\n}\n<\/style>\n<div id='av-tab-section-1-2' class='av-layout-tab av-mhla69qe-af7a2cb3a9320e27ece708724aef336f av-animation-delay-container  avia-builder-el-7  el_after_av_tab_sub_section  el_before_av_tab_sub_section  ' data-av-deeplink-tabs=\"\" data-av-tab-section-content=\"2\" data-tab-section-id=\"pmelding\"><div class=\"av-layout-tab-inner\"><div class=\"container\"><section  class='av_textblock_section av-mhla6imw-f919a2741674af9f9d065fea47248b9e'  itemscope=\"itemscope\" itemtype=\"https:\/\/schema.org\/CreativeWork\" ><div class='avia_textblock'  itemprop=\"text\" ><p>P\u00e5meldingen for 2025 er <strong>stengt<\/strong>.<\/p>\n<\/div><\/section>\n<\/div><\/div><\/div>\n<style type=\"text\/css\" data-created_by=\"avia_inline_auto\" id=\"style-css-av-mhlafetn-2af62c54acc6a07d694a16175ba2b8aa\">\n.av-layout-tab.av-mhlafetn-2af62c54acc6a07d694a16175ba2b8aa{\nvertical-align:top;\n}\n<\/style>\n<div id='av-tab-section-1-3' class='av-layout-tab av-mhlafetn-2af62c54acc6a07d694a16175ba2b8aa av-animation-delay-container  avia-builder-el-9  el_after_av_tab_sub_section  avia-builder-el-last  ' data-av-deeplink-tabs=\"\" data-av-tab-section-content=\"3\" data-tab-section-id=\"reglement\"><div class=\"av-layout-tab-inner\"><div class=\"container\"><section  class='av_textblock_section av-mhlafwf4-f37cbdea2b59777cf5b9d626f380268b'  itemscope=\"itemscope\" itemtype=\"https:\/\/schema.org\/CreativeWork\" ><div class='avia_textblock'  itemprop=\"text\" ><p><a href=\"http:\/\/elsa.no\/stavanger\/files\/2025\/11\/Reglement-Stavanger.pdf\">Reglement &#8211; Stavanger<\/a><\/p>\n<\/div><\/section>\n<\/div><\/div><\/div><\/div><\/div><\/div><div id='after_tab_section_1'  class='main_color av_default_container_wrap container_wrap fullsize'  ><div class='container av-section-cont-open' ><div class='template-page content  av-content-full alpha units'><div class='post-entry post-entry-type-page post-entry-40'><div class='entry-content-wrapper clearfix'>\n<style type=\"text\/css\" data-created_by=\"avia_inline_auto\" id=\"style-css-av-mhla53yd-1c180fda75fd4c1f60fa1ef8bdeaabe5\">\n#top .av_textblock_section.av-mhla53yd-1c180fda75fd4c1f60fa1ef8bdeaabe5 .avia_textblock{\nfont-size:17px;\ncolor:#0a3087;\n}\n<\/style>\n<section  class='av_textblock_section av-mhla53yd-1c180fda75fd4c1f60fa1ef8bdeaabe5'  itemscope=\"itemscope\" itemtype=\"https:\/\/schema.org\/CreativeWork\" ><div class='avia_textblock av_inherit_color'  itemprop=\"text\" ><h2>Kontakt Director for Prosedyrekonkurransen<\/h2>\n<p><a href=\"&#x6d;&#97;&#105;l&#x74;&#x6f;&#58;c&#x6f;&#x6d;&#112;e&#x74;&#x69;&#116;i&#x6f;&#x6e;&#115;&#46;&#x73;&#x74;&#97;v&#x61;&#x6e;&#103;&#101;r&#x40;&#x6e;&#111;&#46;&#x65;&#x6c;&#115;a&#x2e;&#x6f;&#114;g\">&#x63;&#x6f;&#109;p&#x65;&#x74;&#x69;&#116;i&#x6f;&#x6e;&#x73;&#46;s&#x74;&#x61;&#x76;&#97;n&#x67;&#x65;&#x72;&#64;n&#x6f;&#x2e;&#x65;&#108;s&#x61;&#x2e;&#x6f;&#114;g<\/a><\/p>\n<\/div><\/section>\n","protected":false},"excerpt":{"rendered":"","protected":false},"author":1,"featured_media":0,"parent":0,"menu_order":0,"comment_status":"closed","ping_status":"closed","template":"","meta":{"footnotes":""},"class_list":["post-40","page","type-page","status-publish","hentry"],"yoast_head":"<!-- This site is optimized with the Yoast SEO plugin v27.5 - https:\/\/yoast.com\/product\/yoast-seo-wordpress\/ -->\n<title>Prosedyrekonkurransen - ELSA Stavanger<\/title>\n<meta name=\"robots\" content=\"index, follow, max-snippet:-1, max-image-preview:large, max-video-preview:-1\" \/>\n<link rel=\"canonical\" href=\"https:\/\/elsa.no\/stavanger\/prosedyrekonkurransen\/\" \/>\n<meta property=\"og:locale\" content=\"nb_NO\" \/>\n<meta property=\"og:type\" content=\"article\" \/>\n<meta property=\"og:title\" content=\"Prosedyrekonkurransen - ELSA Stavanger\" \/>\n<meta property=\"og:url\" content=\"https:\/\/elsa.no\/stavanger\/prosedyrekonkurransen\/\" \/>\n<meta property=\"og:site_name\" content=\"ELSA Stavanger\" \/>\n<meta property=\"article:modified_time\" content=\"2025-12-23T12:56:53+00:00\" \/>\n<meta name=\"twitter:card\" content=\"summary_large_image\" \/>\n<meta name=\"twitter:label1\" content=\"Ansl. lesetid\" \/>\n\t<meta name=\"twitter:data1\" content=\"2 minutter\" \/>\n<script type=\"application\/ld+json\" class=\"yoast-schema-graph\">{\"@context\":\"https:\\\/\\\/schema.org\",\"@graph\":[{\"@type\":\"WebPage\",\"@id\":\"https:\\\/\\\/elsa.no\\\/stavanger\\\/prosedyrekonkurransen\\\/\",\"url\":\"https:\\\/\\\/elsa.no\\\/stavanger\\\/prosedyrekonkurransen\\\/\",\"name\":\"Prosedyrekonkurransen - ELSA Stavanger\",\"isPartOf\":{\"@id\":\"https:\\\/\\\/elsa.no\\\/stavanger\\\/#website\"},\"datePublished\":\"2025-11-11T15:57:23+00:00\",\"dateModified\":\"2025-12-23T12:56:53+00:00\",\"breadcrumb\":{\"@id\":\"https:\\\/\\\/elsa.no\\\/stavanger\\\/prosedyrekonkurransen\\\/#breadcrumb\"},\"inLanguage\":\"nb-NO\",\"potentialAction\":[{\"@type\":\"ReadAction\",\"target\":[\"https:\\\/\\\/elsa.no\\\/stavanger\\\/prosedyrekonkurransen\\\/\"]}]},{\"@type\":\"BreadcrumbList\",\"@id\":\"https:\\\/\\\/elsa.no\\\/stavanger\\\/prosedyrekonkurransen\\\/#breadcrumb\",\"itemListElement\":[{\"@type\":\"ListItem\",\"position\":1,\"name\":\"Home\",\"item\":\"https:\\\/\\\/elsa.no\\\/stavanger\\\/forside\\\/\"},{\"@type\":\"ListItem\",\"position\":2,\"name\":\"Prosedyrekonkurransen\"}]},{\"@type\":\"WebSite\",\"@id\":\"https:\\\/\\\/elsa.no\\\/stavanger\\\/#website\",\"url\":\"https:\\\/\\\/elsa.no\\\/stavanger\\\/\",\"name\":\"ELSA Stavanger\",\"description\":\"\",\"potentialAction\":[{\"@type\":\"SearchAction\",\"target\":{\"@type\":\"EntryPoint\",\"urlTemplate\":\"https:\\\/\\\/elsa.no\\\/stavanger\\\/?s={search_term_string}\"},\"query-input\":{\"@type\":\"PropertyValueSpecification\",\"valueRequired\":true,\"valueName\":\"search_term_string\"}}],\"inLanguage\":\"nb-NO\"}]}<\/script>\n<!-- \/ Yoast SEO plugin. -->","yoast_head_json":{"title":"Prosedyrekonkurransen - ELSA Stavanger","robots":{"index":"index","follow":"follow","max-snippet":"max-snippet:-1","max-image-preview":"max-image-preview:large","max-video-preview":"max-video-preview:-1"},"canonical":"https:\/\/elsa.no\/stavanger\/prosedyrekonkurransen\/","og_locale":"nb_NO","og_type":"article","og_title":"Prosedyrekonkurransen - ELSA Stavanger","og_url":"https:\/\/elsa.no\/stavanger\/prosedyrekonkurransen\/","og_site_name":"ELSA Stavanger","article_modified_time":"2025-12-23T12:56:53+00:00","twitter_card":"summary_large_image","twitter_misc":{"Ansl. lesetid":"2 minutter"},"schema":{"@context":"https:\/\/schema.org","@graph":[{"@type":"WebPage","@id":"https:\/\/elsa.no\/stavanger\/prosedyrekonkurransen\/","url":"https:\/\/elsa.no\/stavanger\/prosedyrekonkurransen\/","name":"Prosedyrekonkurransen - ELSA Stavanger","isPartOf":{"@id":"https:\/\/elsa.no\/stavanger\/#website"},"datePublished":"2025-11-11T15:57:23+00:00","dateModified":"2025-12-23T12:56:53+00:00","breadcrumb":{"@id":"https:\/\/elsa.no\/stavanger\/prosedyrekonkurransen\/#breadcrumb"},"inLanguage":"nb-NO","potentialAction":[{"@type":"ReadAction","target":["https:\/\/elsa.no\/stavanger\/prosedyrekonkurransen\/"]}]},{"@type":"BreadcrumbList","@id":"https:\/\/elsa.no\/stavanger\/prosedyrekonkurransen\/#breadcrumb","itemListElement":[{"@type":"ListItem","position":1,"name":"Home","item":"https:\/\/elsa.no\/stavanger\/forside\/"},{"@type":"ListItem","position":2,"name":"Prosedyrekonkurransen"}]},{"@type":"WebSite","@id":"https:\/\/elsa.no\/stavanger\/#website","url":"https:\/\/elsa.no\/stavanger\/","name":"ELSA Stavanger","description":"","potentialAction":[{"@type":"SearchAction","target":{"@type":"EntryPoint","urlTemplate":"https:\/\/elsa.no\/stavanger\/?s={search_term_string}"},"query-input":{"@type":"PropertyValueSpecification","valueRequired":true,"valueName":"search_term_string"}}],"inLanguage":"nb-NO"}]}},"_links":{"self":[{"href":"https:\/\/elsa.no\/stavanger\/wp-json\/wp\/v2\/pages\/40","targetHints":{"allow":["GET"]}}],"collection":[{"href":"https:\/\/elsa.no\/stavanger\/wp-json\/wp\/v2\/pages"}],"about":[{"href":"https:\/\/elsa.no\/stavanger\/wp-json\/wp\/v2\/types\/page"}],"author":[{"embeddable":true,"href":"https:\/\/elsa.no\/stavanger\/wp-json\/wp\/v2\/users\/1"}],"replies":[{"embeddable":true,"href":"https:\/\/elsa.no\/stavanger\/wp-json\/wp\/v2\/comments?post=40"}],"version-history":[{"count":17,"href":"https:\/\/elsa.no\/stavanger\/wp-json\/wp\/v2\/pages\/40\/revisions"}],"predecessor-version":[{"id":325,"href":"https:\/\/elsa.no\/stavanger\/wp-json\/wp\/v2\/pages\/40\/revisions\/325"}],"wp:attachment":[{"href":"https:\/\/elsa.no\/stavanger\/wp-json\/wp\/v2\/media?parent=40"}],"curies":[{"name":"wp","href":"https:\/\/api.w.org\/{rel}","templated":true}]}}