{"id":209,"date":"2025-12-23T12:25:51","date_gmt":"2025-12-23T12:25:51","guid":{"rendered":"https:\/\/elsa.no\/stavanger\/?page_id=209"},"modified":"2025-12-23T12:50:51","modified_gmt":"2025-12-23T12:50:51","slug":"international-council-meeting","status":"publish","type":"page","link":"https:\/\/elsa.no\/stavanger\/international-council-meeting\/","title":{"rendered":"International Council Meeting"},"content":{"rendered":"<section  class='av_textblock_section av-mjikvfxm-74b1d09e717328aeb50130765ee16b63'  itemscope=\"itemscope\" itemtype=\"https:\/\/schema.org\/CreativeWork\" ><div class='avia_textblock'  itemprop=\"text\" ><h1>International Council Meeting<\/h1>\n<\/div><\/section>\n<section  class='av_textblock_section av-mjik4mk5-99a28d6d69d5391b1240a18e25eb4c9a'  itemscope=\"itemscope\" itemtype=\"https:\/\/schema.org\/CreativeWork\" ><div class='avia_textblock'  itemprop=\"text\" ><p>International Council Meeting (ICM) er <span class=\"hover:entity-accent entity-underline inline cursor-pointer align-baseline\"><span class=\"whitespace-normal\">ELSA International<\/span><\/span> sitt \u00f8verste beslutningsorgan og samler ELSA-medlemmer fra over 30 land to ganger i \u00e5ret. M\u00f8tet kombinerer plenumsbeslutninger, workshops og sosialt program, og er en sentral arena for internasjonal p\u00e5virkning og erfaringsutveksling i ELSA.<\/p>\n<p>For <span class=\"hover:entity-accent entity-underline inline cursor-pointer align-baseline\"><span class=\"whitespace-normal\">ELSA Stavanger<\/span><\/span> er m\u00f8tet en sentral arena for b\u00e5de internasjonal representasjon og p\u00e5virkning,<\/p>\n<p>Trykk <span style=\"text-decoration: underline\"><strong><a href=\"https:\/\/elsa.no\/icm\/\">her<\/a><\/strong><\/span> for \u00e5 lese mer om International Council Meeting.<\/p>\n<\/div><\/section>\n","protected":false},"excerpt":{"rendered":"","protected":false},"author":27,"featured_media":0,"parent":0,"menu_order":0,"comment_status":"closed","ping_status":"closed","template":"","meta":{"footnotes":""},"class_list":["post-209","page","type-page","status-publish","hentry"],"yoast_head":"<!-- This site is optimized with the Yoast SEO plugin v27.5 - https:\/\/yoast.com\/product\/yoast-seo-wordpress\/ -->\n<title>International Council Meeting - ELSA Stavanger<\/title>\n<meta name=\"robots\" content=\"index, follow, max-snippet:-1, max-image-preview:large, max-video-preview:-1\" \/>\n<link rel=\"canonical\" href=\"https:\/\/elsa.no\/stavanger\/international-council-meeting\/\" \/>\n<meta property=\"og:locale\" content=\"nb_NO\" \/>\n<meta property=\"og:type\" content=\"article\" \/>\n<meta property=\"og:title\" content=\"International Council Meeting - ELSA Stavanger\" \/>\n<meta property=\"og:url\" content=\"https:\/\/elsa.no\/stavanger\/international-council-meeting\/\" \/>\n<meta property=\"og:site_name\" content=\"ELSA Stavanger\" \/>\n<meta property=\"article:modified_time\" content=\"2025-12-23T12:50:51+00:00\" \/>\n<meta name=\"twitter:card\" content=\"summary_large_image\" \/>\n<meta name=\"twitter:label1\" content=\"Ansl. lesetid\" \/>\n\t<meta name=\"twitter:data1\" content=\"1 minutt\" \/>\n<script type=\"application\/ld+json\" class=\"yoast-schema-graph\">{\"@context\":\"https:\\\/\\\/schema.org\",\"@graph\":[{\"@type\":\"WebPage\",\"@id\":\"https:\\\/\\\/elsa.no\\\/stavanger\\\/international-council-meeting\\\/\",\"url\":\"https:\\\/\\\/elsa.no\\\/stavanger\\\/international-council-meeting\\\/\",\"name\":\"International Council Meeting - ELSA Stavanger\",\"isPartOf\":{\"@id\":\"https:\\\/\\\/elsa.no\\\/stavanger\\\/#website\"},\"datePublished\":\"2025-12-23T12:25:51+00:00\",\"dateModified\":\"2025-12-23T12:50:51+00:00\",\"breadcrumb\":{\"@id\":\"https:\\\/\\\/elsa.no\\\/stavanger\\\/international-council-meeting\\\/#breadcrumb\"},\"inLanguage\":\"nb-NO\",\"potentialAction\":[{\"@type\":\"ReadAction\",\"target\":[\"https:\\\/\\\/elsa.no\\\/stavanger\\\/international-council-meeting\\\/\"]}]},{\"@type\":\"BreadcrumbList\",\"@id\":\"https:\\\/\\\/elsa.no\\\/stavanger\\\/international-council-meeting\\\/#breadcrumb\",\"itemListElement\":[{\"@type\":\"ListItem\",\"position\":1,\"name\":\"Home\",\"item\":\"https:\\\/\\\/elsa.no\\\/stavanger\\\/forside\\\/\"},{\"@type\":\"ListItem\",\"position\":2,\"name\":\"International Council Meeting\"}]},{\"@type\":\"WebSite\",\"@id\":\"https:\\\/\\\/elsa.no\\\/stavanger\\\/#website\",\"url\":\"https:\\\/\\\/elsa.no\\\/stavanger\\\/\",\"name\":\"ELSA Stavanger\",\"description\":\"\",\"potentialAction\":[{\"@type\":\"SearchAction\",\"target\":{\"@type\":\"EntryPoint\",\"urlTemplate\":\"https:\\\/\\\/elsa.no\\\/stavanger\\\/?s={search_term_string}\"},\"query-input\":{\"@type\":\"PropertyValueSpecification\",\"valueRequired\":true,\"valueName\":\"search_term_string\"}}],\"inLanguage\":\"nb-NO\"}]}<\/script>\n<!-- \/ Yoast SEO plugin. -->","yoast_head_json":{"title":"International Council Meeting - ELSA Stavanger","robots":{"index":"index","follow":"follow","max-snippet":"max-snippet:-1","max-image-preview":"max-image-preview:large","max-video-preview":"max-video-preview:-1"},"canonical":"https:\/\/elsa.no\/stavanger\/international-council-meeting\/","og_locale":"nb_NO","og_type":"article","og_title":"International Council Meeting - ELSA Stavanger","og_url":"https:\/\/elsa.no\/stavanger\/international-council-meeting\/","og_site_name":"ELSA Stavanger","article_modified_time":"2025-12-23T12:50:51+00:00","twitter_card":"summary_large_image","twitter_misc":{"Ansl. lesetid":"1 minutt"},"schema":{"@context":"https:\/\/schema.org","@graph":[{"@type":"WebPage","@id":"https:\/\/elsa.no\/stavanger\/international-council-meeting\/","url":"https:\/\/elsa.no\/stavanger\/international-council-meeting\/","name":"International Council Meeting - ELSA Stavanger","isPartOf":{"@id":"https:\/\/elsa.no\/stavanger\/#website"},"datePublished":"2025-12-23T12:25:51+00:00","dateModified":"2025-12-23T12:50:51+00:00","breadcrumb":{"@id":"https:\/\/elsa.no\/stavanger\/international-council-meeting\/#breadcrumb"},"inLanguage":"nb-NO","potentialAction":[{"@type":"ReadAction","target":["https:\/\/elsa.no\/stavanger\/international-council-meeting\/"]}]},{"@type":"BreadcrumbList","@id":"https:\/\/elsa.no\/stavanger\/international-council-meeting\/#breadcrumb","itemListElement":[{"@type":"ListItem","position":1,"name":"Home","item":"https:\/\/elsa.no\/stavanger\/forside\/"},{"@type":"ListItem","position":2,"name":"International Council Meeting"}]},{"@type":"WebSite","@id":"https:\/\/elsa.no\/stavanger\/#website","url":"https:\/\/elsa.no\/stavanger\/","name":"ELSA Stavanger","description":"","potentialAction":[{"@type":"SearchAction","target":{"@type":"EntryPoint","urlTemplate":"https:\/\/elsa.no\/stavanger\/?s={search_term_string}"},"query-input":{"@type":"PropertyValueSpecification","valueRequired":true,"valueName":"search_term_string"}}],"inLanguage":"nb-NO"}]}},"_links":{"self":[{"href":"https:\/\/elsa.no\/stavanger\/wp-json\/wp\/v2\/pages\/209","targetHints":{"allow":["GET"]}}],"collection":[{"href":"https:\/\/elsa.no\/stavanger\/wp-json\/wp\/v2\/pages"}],"about":[{"href":"https:\/\/elsa.no\/stavanger\/wp-json\/wp\/v2\/types\/page"}],"author":[{"embeddable":true,"href":"https:\/\/elsa.no\/stavanger\/wp-json\/wp\/v2\/users\/27"}],"replies":[{"embeddable":true,"href":"https:\/\/elsa.no\/stavanger\/wp-json\/wp\/v2\/comments?post=209"}],"version-history":[{"count":8,"href":"https:\/\/elsa.no\/stavanger\/wp-json\/wp\/v2\/pages\/209\/revisions"}],"predecessor-version":[{"id":236,"href":"https:\/\/elsa.no\/stavanger\/wp-json\/wp\/v2\/pages\/209\/revisions\/236"}],"wp:attachment":[{"href":"https:\/\/elsa.no\/stavanger\/wp-json\/wp\/v2\/media?parent=209"}],"curies":[{"name":"wp","href":"https:\/\/api.w.org\/{rel}","templated":true}]}}