{"id":140,"date":"2025-11-11T16:22:05","date_gmt":"2025-11-11T16:22:05","guid":{"rendered":"https:\/\/elsa.no\/stavanger\/?page_id=140"},"modified":"2025-12-23T14:14:52","modified_gmt":"2025-12-23T14:14:52","slug":"aktiviter","status":"publish","type":"page","link":"https:\/\/elsa.no\/stavanger\/aktiviter\/","title":{"rendered":"Aktiviteter"},"content":{"rendered":"<section  class='av_textblock_section av-mhusoofk-4467a0404efa7365a2862805a8a56281'  itemscope=\"itemscope\" itemtype=\"https:\/\/schema.org\/CreativeWork\" ><div class='avia_textblock'  itemprop=\"text\" ><p>Vi i ELSA arrangerer flere ulike aktiviteter b\u00e5de nasjonalt og internasjonalt. Som medlem i ELSA Stavanger har du mulighet til \u00e5 delta p\u00e5 mange av disse!<\/p>\n<p><img loading=\"lazy\" decoding=\"async\" class=\" wp-image-34 aligncenter\" src=\"http:\/\/elsa.no\/stavanger\/files\/2025\/11\/photo-1739890723805-e0b373bd9671-300x200.avif\" alt=\"\" width=\"327\" height=\"218\" srcset=\"https:\/\/elsa.no\/stavanger\/files\/2025\/11\/photo-1739890723805-e0b373bd9671-300x200.avif 300w, https:\/\/elsa.no\/stavanger\/files\/2025\/11\/photo-1739890723805-e0b373bd9671-1030x687.avif 1030w, https:\/\/elsa.no\/stavanger\/files\/2025\/11\/photo-1739890723805-e0b373bd9671-768x512.avif 768w, https:\/\/elsa.no\/stavanger\/files\/2025\/11\/photo-1739890723805-e0b373bd9671-1536x1024.avif 1536w, https:\/\/elsa.no\/stavanger\/files\/2025\/11\/photo-1739890723805-e0b373bd9671-2048x1365.avif 2048w, https:\/\/elsa.no\/stavanger\/files\/2025\/11\/photo-1739890723805-e0b373bd9671-1500x1000.avif 1500w, https:\/\/elsa.no\/stavanger\/files\/2025\/11\/photo-1739890723805-e0b373bd9671-705x470.avif 705w\" sizes=\"auto, (max-width: 327px) 100vw, 327px\" \/><\/p>\n<\/div><\/section>\n","protected":false},"excerpt":{"rendered":"","protected":false},"author":27,"featured_media":0,"parent":0,"menu_order":0,"comment_status":"closed","ping_status":"closed","template":"","meta":{"footnotes":""},"class_list":["post-140","page","type-page","status-publish","hentry"],"yoast_head":"<!-- This site is optimized with the Yoast SEO plugin v27.5 - https:\/\/yoast.com\/product\/yoast-seo-wordpress\/ -->\n<title>Aktiviteter - ELSA Stavanger<\/title>\n<meta name=\"robots\" content=\"index, follow, max-snippet:-1, max-image-preview:large, max-video-preview:-1\" \/>\n<link rel=\"canonical\" href=\"https:\/\/elsa.no\/stavanger\/aktiviter\/\" \/>\n<meta property=\"og:locale\" content=\"nb_NO\" \/>\n<meta property=\"og:type\" content=\"article\" \/>\n<meta property=\"og:title\" content=\"Aktiviteter - ELSA Stavanger\" \/>\n<meta property=\"og:url\" content=\"https:\/\/elsa.no\/stavanger\/aktiviter\/\" \/>\n<meta property=\"og:site_name\" content=\"ELSA Stavanger\" \/>\n<meta property=\"article:modified_time\" content=\"2025-12-23T14:14:52+00:00\" \/>\n<meta name=\"twitter:card\" content=\"summary_large_image\" \/>\n<meta name=\"twitter:label1\" content=\"Ansl. lesetid\" \/>\n\t<meta name=\"twitter:data1\" content=\"1 minutt\" \/>\n<script type=\"application\/ld+json\" class=\"yoast-schema-graph\">{\"@context\":\"https:\\\/\\\/schema.org\",\"@graph\":[{\"@type\":\"WebPage\",\"@id\":\"https:\\\/\\\/elsa.no\\\/stavanger\\\/aktiviter\\\/\",\"url\":\"https:\\\/\\\/elsa.no\\\/stavanger\\\/aktiviter\\\/\",\"name\":\"Aktiviteter - ELSA Stavanger\",\"isPartOf\":{\"@id\":\"https:\\\/\\\/elsa.no\\\/stavanger\\\/#website\"},\"primaryImageOfPage\":{\"@id\":\"https:\\\/\\\/elsa.no\\\/stavanger\\\/aktiviter\\\/#primaryimage\"},\"image\":{\"@id\":\"https:\\\/\\\/elsa.no\\\/stavanger\\\/aktiviter\\\/#primaryimage\"},\"thumbnailUrl\":\"http:\\\/\\\/elsa.no\\\/stavanger\\\/files\\\/2025\\\/11\\\/photo-1739890723805-e0b373bd9671-300x200.avif\",\"datePublished\":\"2025-11-11T16:22:05+00:00\",\"dateModified\":\"2025-12-23T14:14:52+00:00\",\"breadcrumb\":{\"@id\":\"https:\\\/\\\/elsa.no\\\/stavanger\\\/aktiviter\\\/#breadcrumb\"},\"inLanguage\":\"nb-NO\",\"potentialAction\":[{\"@type\":\"ReadAction\",\"target\":[\"https:\\\/\\\/elsa.no\\\/stavanger\\\/aktiviter\\\/\"]}]},{\"@type\":\"ImageObject\",\"inLanguage\":\"nb-NO\",\"@id\":\"https:\\\/\\\/elsa.no\\\/stavanger\\\/aktiviter\\\/#primaryimage\",\"url\":\"https:\\\/\\\/elsa.no\\\/stavanger\\\/files\\\/2025\\\/11\\\/photo-1739890723805-e0b373bd9671.avif\",\"contentUrl\":\"https:\\\/\\\/elsa.no\\\/stavanger\\\/files\\\/2025\\\/11\\\/photo-1739890723805-e0b373bd9671.avif\",\"width\":2070,\"height\":1380},{\"@type\":\"BreadcrumbList\",\"@id\":\"https:\\\/\\\/elsa.no\\\/stavanger\\\/aktiviter\\\/#breadcrumb\",\"itemListElement\":[{\"@type\":\"ListItem\",\"position\":1,\"name\":\"Home\",\"item\":\"https:\\\/\\\/elsa.no\\\/stavanger\\\/forside\\\/\"},{\"@type\":\"ListItem\",\"position\":2,\"name\":\"Aktiviteter\"}]},{\"@type\":\"WebSite\",\"@id\":\"https:\\\/\\\/elsa.no\\\/stavanger\\\/#website\",\"url\":\"https:\\\/\\\/elsa.no\\\/stavanger\\\/\",\"name\":\"ELSA Stavanger\",\"description\":\"\",\"potentialAction\":[{\"@type\":\"SearchAction\",\"target\":{\"@type\":\"EntryPoint\",\"urlTemplate\":\"https:\\\/\\\/elsa.no\\\/stavanger\\\/?s={search_term_string}\"},\"query-input\":{\"@type\":\"PropertyValueSpecification\",\"valueRequired\":true,\"valueName\":\"search_term_string\"}}],\"inLanguage\":\"nb-NO\"}]}<\/script>\n<!-- \/ Yoast SEO plugin. -->","yoast_head_json":{"title":"Aktiviteter - ELSA Stavanger","robots":{"index":"index","follow":"follow","max-snippet":"max-snippet:-1","max-image-preview":"max-image-preview:large","max-video-preview":"max-video-preview:-1"},"canonical":"https:\/\/elsa.no\/stavanger\/aktiviter\/","og_locale":"nb_NO","og_type":"article","og_title":"Aktiviteter - ELSA Stavanger","og_url":"https:\/\/elsa.no\/stavanger\/aktiviter\/","og_site_name":"ELSA Stavanger","article_modified_time":"2025-12-23T14:14:52+00:00","twitter_card":"summary_large_image","twitter_misc":{"Ansl. lesetid":"1 minutt"},"schema":{"@context":"https:\/\/schema.org","@graph":[{"@type":"WebPage","@id":"https:\/\/elsa.no\/stavanger\/aktiviter\/","url":"https:\/\/elsa.no\/stavanger\/aktiviter\/","name":"Aktiviteter - ELSA Stavanger","isPartOf":{"@id":"https:\/\/elsa.no\/stavanger\/#website"},"primaryImageOfPage":{"@id":"https:\/\/elsa.no\/stavanger\/aktiviter\/#primaryimage"},"image":{"@id":"https:\/\/elsa.no\/stavanger\/aktiviter\/#primaryimage"},"thumbnailUrl":"http:\/\/elsa.no\/stavanger\/files\/2025\/11\/photo-1739890723805-e0b373bd9671-300x200.avif","datePublished":"2025-11-11T16:22:05+00:00","dateModified":"2025-12-23T14:14:52+00:00","breadcrumb":{"@id":"https:\/\/elsa.no\/stavanger\/aktiviter\/#breadcrumb"},"inLanguage":"nb-NO","potentialAction":[{"@type":"ReadAction","target":["https:\/\/elsa.no\/stavanger\/aktiviter\/"]}]},{"@type":"ImageObject","inLanguage":"nb-NO","@id":"https:\/\/elsa.no\/stavanger\/aktiviter\/#primaryimage","url":"https:\/\/elsa.no\/stavanger\/files\/2025\/11\/photo-1739890723805-e0b373bd9671.avif","contentUrl":"https:\/\/elsa.no\/stavanger\/files\/2025\/11\/photo-1739890723805-e0b373bd9671.avif","width":2070,"height":1380},{"@type":"BreadcrumbList","@id":"https:\/\/elsa.no\/stavanger\/aktiviter\/#breadcrumb","itemListElement":[{"@type":"ListItem","position":1,"name":"Home","item":"https:\/\/elsa.no\/stavanger\/forside\/"},{"@type":"ListItem","position":2,"name":"Aktiviteter"}]},{"@type":"WebSite","@id":"https:\/\/elsa.no\/stavanger\/#website","url":"https:\/\/elsa.no\/stavanger\/","name":"ELSA Stavanger","description":"","potentialAction":[{"@type":"SearchAction","target":{"@type":"EntryPoint","urlTemplate":"https:\/\/elsa.no\/stavanger\/?s={search_term_string}"},"query-input":{"@type":"PropertyValueSpecification","valueRequired":true,"valueName":"search_term_string"}}],"inLanguage":"nb-NO"}]}},"_links":{"self":[{"href":"https:\/\/elsa.no\/stavanger\/wp-json\/wp\/v2\/pages\/140","targetHints":{"allow":["GET"]}}],"collection":[{"href":"https:\/\/elsa.no\/stavanger\/wp-json\/wp\/v2\/pages"}],"about":[{"href":"https:\/\/elsa.no\/stavanger\/wp-json\/wp\/v2\/types\/page"}],"author":[{"embeddable":true,"href":"https:\/\/elsa.no\/stavanger\/wp-json\/wp\/v2\/users\/27"}],"replies":[{"embeddable":true,"href":"https:\/\/elsa.no\/stavanger\/wp-json\/wp\/v2\/comments?post=140"}],"version-history":[{"count":7,"href":"https:\/\/elsa.no\/stavanger\/wp-json\/wp\/v2\/pages\/140\/revisions"}],"predecessor-version":[{"id":295,"href":"https:\/\/elsa.no\/stavanger\/wp-json\/wp\/v2\/pages\/140\/revisions\/295"}],"wp:attachment":[{"href":"https:\/\/elsa.no\/stavanger\/wp-json\/wp\/v2\/media?parent=140"}],"curies":[{"name":"wp","href":"https:\/\/api.w.org\/{rel}","templated":true}]}}