{"id":92,"date":"2012-08-07T21:12:02","date_gmt":"2012-08-07T19:12:02","guid":{"rendered":"http:\/\/elsa.no\/oslo\/?page_id=92"},"modified":"2023-05-22T00:52:26","modified_gmt":"2023-05-21T22:52:26","slug":"sc","status":"publish","type":"page","link":"https:\/\/elsa.no\/oslo\/sc\/","title":{"rendered":"Seminars &#038; Conferences (S&#038;C)"},"content":{"rendered":"\n<style type=\"text\/css\" data-created_by=\"avia_inline_auto\" id=\"style-css-av-437lw-ad7aa6f768cd2b38a0a73811b36d1716\">\n.flex_column.av-437lw-ad7aa6f768cd2b38a0a73811b36d1716{\n-webkit-border-radius:0px 0px 0px 0px;\n-moz-border-radius:0px 0px 0px 0px;\nborder-radius:0px 0px 0px 0px;\npadding:0px 0px 0px 0px;\n}\n<\/style>\n<div class='flex_column av-437lw-ad7aa6f768cd2b38a0a73811b36d1716 av_two_third  avia-builder-el-0  el_before_av_one_third  avia-builder-el-first  first flex_column_div av-zero-column-padding '     ><section  class='av_textblock_section av-3daco-0be9bf76a8eff0def6671fd6afa22195'  itemscope=\"itemscope\" itemtype=\"https:\/\/schema.org\/CreativeWork\" ><div class='avia_textblock'  itemprop=\"text\" ><p>Undergruppen S&amp;C arrangerer blant annet foredag og seminarer med spennende foredragsholdere og avholder manuduksjoner i forkant av eksamen. Dessuten arrangerer gruppen en \u00e5rlig studietur.\u00a0Tidligere turer har g\u00e5tt til Strasbourg, Gen\u00e8ve, Haag og Amsterdam. Les mer p\u00e5 <a href=\"https:\/\/elsa.no\/oslo\/sc\/studieturer\/\">studietur-siden<\/a>.<\/p>\n<p><em>Vi er alltid p\u00e5 utkikk etter flere engasjerte medstudenter som vil bidra p\u00e5 v\u00e5re arrangementer. Ta gjerne kontakt med VP S&amp;C p\u00e5 <\/em><a href=\"&#x6d;&#97;&#x69;&#108;t&#x6f;&#58;s&#x65;&#109;&#x69;&#x6e;a&#x72;&#115;c&#x6f;&#110;&#x66;&#x65;r&#x65;&#110;c&#x65;&#115;&#46;&#x6f;&#115;&#x6c;&#111;&#64;&#x6e;&#111;&#46;&#x65;&#108;&#x73;&#x61;&#46;&#x6f;&#114;g\">&#115;&#x65;m&#105;&#x6e;a&#114;&#x73;c&#x6f;&#x6e;&#102;&#x65;r&#101;&#x6e;c&#101;&#x73;&#46;&#x6f;&#x73;&#108;&#x6f;&#x40;&#110;&#x6f;&#46;&#101;&#x6c;s&#97;&#x2e;o&#x72;&#x67;<\/a><em>\u00a0dersom du \u00f8nsker \u00e5 bidra!\u00a0<\/em><\/p>\n<\/div><\/section><\/div>\n<style type=\"text\/css\" data-created_by=\"avia_inline_auto\" id=\"style-css-av-2pnck-d2ab2ddb5ef6e8de3d741b3317ccdffe\">\n.flex_column.av-2pnck-d2ab2ddb5ef6e8de3d741b3317ccdffe{\n-webkit-border-radius:0px 0px 0px 0px;\n-moz-border-radius:0px 0px 0px 0px;\nborder-radius:0px 0px 0px 0px;\npadding:0px 0px 0px 0px;\n}\n<\/style>\n<div class='flex_column av-2pnck-d2ab2ddb5ef6e8de3d741b3317ccdffe av_one_third  avia-builder-el-2  el_after_av_two_third  avia-builder-el-last  flex_column_div av-zero-column-padding '     ><p>\n<style type=\"text\/css\" data-created_by=\"avia_inline_auto\" id=\"style-css-av-25cy4-0a98532d10a0ebfe009ff9f3a9cdf152\">\n.avia-image-container.av-25cy4-0a98532d10a0ebfe009ff9f3a9cdf152 img.avia_image{\nbox-shadow:none;\n}\n.avia-image-container.av-25cy4-0a98532d10a0ebfe009ff9f3a9cdf152 .av-image-caption-overlay-center{\ncolor:#ffffff;\n}\n<\/style>\n<div  class='avia-image-container av-25cy4-0a98532d10a0ebfe009ff9f3a9cdf152 av-styling- avia-align-center  avia-builder-el-3  el_before_av_image  avia-builder-el-first '   itemprop=\"image\" itemscope=\"itemscope\" itemtype=\"https:\/\/schema.org\/ImageObject\" ><div class=\"avia-image-container-inner\"><div class=\"avia-image-overlay-wrap\"><img decoding=\"async\" class='wp-image-225 avia-img-lazy-loading-not-225 avia_image ' src=\"https:\/\/i0.wp.com\/elsa.no\/oslo\/files\/2012\/08\/image-9379-full.jpg?fit=300%2C250&ssl=1\" alt='' title='image-9379-full'  height=\"250\" width=\"300\"  itemprop=\"thumbnailUrl\" srcset=\"https:\/\/i0.wp.com\/elsa.no\/oslo\/files\/2012\/08\/image-9379-full.jpg?w=330&amp;ssl=1 330w, https:\/\/i0.wp.com\/elsa.no\/oslo\/files\/2012\/08\/image-9379-full.jpg?resize=300%2C250&amp;ssl=1 300w, https:\/\/i0.wp.com\/elsa.no\/oslo\/files\/2012\/08\/image-9379-full.jpg?resize=210%2C175&amp;ssl=1 210w\" sizes=\"(max-width: 300px) 100vw, 300px\" \/><\/div><\/div><\/div><br \/>\n\n<style type=\"text\/css\" data-created_by=\"avia_inline_auto\" id=\"style-css-av-1m2fc-bbb6f497c488e59e117c13bc9b2817bb\">\n.avia-image-container.av-1m2fc-bbb6f497c488e59e117c13bc9b2817bb img.avia_image{\nbox-shadow:none;\n}\n.avia-image-container.av-1m2fc-bbb6f497c488e59e117c13bc9b2817bb .av-image-caption-overlay-center{\ncolor:#ffffff;\n}\n<\/style>\n<div  class='avia-image-container av-1m2fc-bbb6f497c488e59e117c13bc9b2817bb av-styling- avia-align-center  avia-builder-el-4  el_after_av_image  avia-builder-el-last '   itemprop=\"image\" itemscope=\"itemscope\" itemtype=\"https:\/\/schema.org\/ImageObject\" ><div class=\"avia-image-container-inner\"><div class=\"avia-image-overlay-wrap\"><img decoding=\"async\" class='wp-image-1412 avia-img-lazy-loading-not-1412 avia_image ' src=\"https:\/\/i0.wp.com\/elsa.no\/oslo\/files\/2016\/09\/3.jpg?fit=300%2C225&ssl=1\" alt='' title='3'  height=\"225\" width=\"300\"  itemprop=\"thumbnailUrl\" srcset=\"https:\/\/i0.wp.com\/elsa.no\/oslo\/files\/2016\/09\/3.jpg?w=5184&amp;ssl=1 5184w, https:\/\/i0.wp.com\/elsa.no\/oslo\/files\/2016\/09\/3.jpg?resize=300%2C225&amp;ssl=1 300w, https:\/\/i0.wp.com\/elsa.no\/oslo\/files\/2016\/09\/3.jpg?resize=1030%2C773&amp;ssl=1 1030w, https:\/\/i0.wp.com\/elsa.no\/oslo\/files\/2016\/09\/3.jpg?resize=1500%2C1125&amp;ssl=1 1500w, https:\/\/i0.wp.com\/elsa.no\/oslo\/files\/2016\/09\/3.jpg?resize=705%2C529&amp;ssl=1 705w, https:\/\/i0.wp.com\/elsa.no\/oslo\/files\/2016\/09\/3.jpg?resize=450%2C338&amp;ssl=1 450w, https:\/\/i0.wp.com\/elsa.no\/oslo\/files\/2016\/09\/3.jpg?w=3000&amp;ssl=1 3000w, https:\/\/i0.wp.com\/elsa.no\/oslo\/files\/2016\/09\/3.jpg?w=4500&amp;ssl=1 4500w\" sizes=\"(max-width: 300px) 100vw, 300px\" \/><\/div><\/div><\/div><\/p><\/div>\n","protected":false},"excerpt":{"rendered":"","protected":false},"author":1,"featured_media":0,"parent":0,"menu_order":0,"comment_status":"closed","ping_status":"closed","template":"","meta":{"jetpack_post_was_ever_published":false,"footnotes":""},"class_list":["post-92","page","type-page","status-publish","hentry"],"jetpack_sharing_enabled":true,"jetpack_shortlink":"https:\/\/wp.me\/P7PccC-1u","jetpack-related-posts":[],"_links":{"self":[{"href":"https:\/\/elsa.no\/oslo\/wp-json\/wp\/v2\/pages\/92","targetHints":{"allow":["GET"]}}],"collection":[{"href":"https:\/\/elsa.no\/oslo\/wp-json\/wp\/v2\/pages"}],"about":[{"href":"https:\/\/elsa.no\/oslo\/wp-json\/wp\/v2\/types\/page"}],"author":[{"embeddable":true,"href":"https:\/\/elsa.no\/oslo\/wp-json\/wp\/v2\/users\/1"}],"replies":[{"embeddable":true,"href":"https:\/\/elsa.no\/oslo\/wp-json\/wp\/v2\/comments?post=92"}],"version-history":[{"count":28,"href":"https:\/\/elsa.no\/oslo\/wp-json\/wp\/v2\/pages\/92\/revisions"}],"predecessor-version":[{"id":3057,"href":"https:\/\/elsa.no\/oslo\/wp-json\/wp\/v2\/pages\/92\/revisions\/3057"}],"wp:attachment":[{"href":"https:\/\/elsa.no\/oslo\/wp-json\/wp\/v2\/media?parent=92"}],"curies":[{"name":"wp","href":"https:\/\/api.w.org\/{rel}","templated":true}]}}