{"id":90,"date":"2012-08-07T21:11:15","date_gmt":"2012-08-07T19:11:15","guid":{"rendered":"http:\/\/elsa.no\/oslo\/?page_id=90"},"modified":"2025-04-11T09:40:30","modified_gmt":"2025-04-11T07:40:30","slug":"aa","status":"publish","type":"page","link":"https:\/\/elsa.no\/oslo\/aa\/","title":{"rendered":"Competitions (C)"},"content":{"rendered":"\n<style type=\"text\/css\" data-created_by=\"avia_inline_auto\" id=\"style-css-av-m98pyuvx-fc70d660c8e9220dfddc191b712058fa\">\n#top .av-special-heading.av-m98pyuvx-fc70d660c8e9220dfddc191b712058fa{\npadding-bottom:10px;\n}\nbody .av-special-heading.av-m98pyuvx-fc70d660c8e9220dfddc191b712058fa .av-special-heading-tag .heading-char{\nfont-size:25px;\n}\n.av-special-heading.av-m98pyuvx-fc70d660c8e9220dfddc191b712058fa .av-subheading{\nfont-size:15px;\n}\n<\/style>\n<div  class='av-special-heading av-m98pyuvx-fc70d660c8e9220dfddc191b712058fa av-special-heading-h3  avia-builder-el-0  el_before_av_one_full  avia-builder-el-first '><h3 class='av-special-heading-tag'  itemprop=\"headline\"  >Competitions<\/h3><div class=\"special-heading-border\"><div class=\"special-heading-inner-border\"><\/div><\/div><\/div>\n\n<style type=\"text\/css\" data-created_by=\"avia_inline_auto\" id=\"style-css-av-3w24e-98ffb82cf014c8df39074e810bf6bdb4\">\n.flex_column.av-3w24e-98ffb82cf014c8df39074e810bf6bdb4{\n-webkit-border-radius:0px 0px 0px 0px;\n-moz-border-radius:0px 0px 0px 0px;\nborder-radius:0px 0px 0px 0px;\npadding:0px 0px 0px 0px;\n}\n<\/style>\n<div class='flex_column av-3w24e-98ffb82cf014c8df39074e810bf6bdb4 av_one_full  avia-builder-el-1  el_after_av_heading  el_before_av_partner  first flex_column_div av-zero-column-padding '     ><section  class='av_textblock_section av-332ra-b33742e03b980ee46f0688ecdd5bd785'  itemscope=\"itemscope\" itemtype=\"https:\/\/schema.org\/CreativeWork\" ><div class='avia_textblock'  itemprop=\"text\" ><p>Med undergruppen <strong>Competitions (C)<\/strong>\u00a0f\u00e5r du erfart jussen utenfor lesesalen!<\/p>\n<p>C driver med en rekke spennende prosjekter, b\u00e5de nasjonalt og internasjonalt. Mange av prosjektene drives etter modell fra ELSA International, og gjennomf\u00f8res p\u00e5 samme m\u00e5te i alle ELSA-land. I tillegg har vi prosjekter p\u00e5 det helt lokale niv\u00e5.<\/p>\n<p>I ELSA Oslo arrangerer vi <strong>prosedyrekonkurransen<\/strong> i samarbeid med advokatfirmaet Hjort p\u00e5 h\u00f8sten, og <strong>forhandlingskonkurransen<\/strong> i samarbeid med advokatfirmaet R\u00e6der Bing p\u00e5 v\u00e5ren.<strong>\u00a0<\/strong>Som en del av C-gruppen v\u00e5r kan du v\u00e6re med p\u00e5 \u00e5 arrangere disse konkurransene, men ogs\u00e5 bidra til \u00e5 skape helt nye prosjekter!<\/p>\n<p>Se mer om de enkelte aktivitetene i undermenyen. Og ellers m\u00e5 du gjerne ta kontakt med VP C p\u00e5 <strong>ac&#97;&#100;&#101;&#x6d;&#x69;&#x63;&#x61;ct&#105;&#118;&#105;&#x74;&#x69;&#x65;&#x73;&#46;o&#115;&#108;&#111;&#x40;&#x6e;&#x6f;&#x2e;el&#115;&#97;&#46;&#x6f;&#x72;&#x67;<\/strong> om du er interessert i \u00e5 bli en del av C-gruppen!<\/p>\n<\/div><\/section><\/div>\n<style type=\"text\/css\" data-created_by=\"avia_inline_auto\" id=\"style-css-av-an8y-f7d791fa47160786e72b97fef0d905d0\">\n.avia-logo-element-container.av-an8y-f7d791fa47160786e72b97fef0d905d0 .av-partner-fake-img{\nbackground-size:cover;\n}\n<\/style>\n<div  class='avia-logo-element-container av-an8y-f7d791fa47160786e72b97fef0d905d0 avia-logo-slider avia-content-slider avia-smallarrow-slider avia-content-slider-active noHover avia-content-slider-odd  avia-builder-el-3  el_after_av_one_full  avia-builder-el-last  av-slideshow-ui av-control-default av-nav-arrows-visible av-nav-dots-visible av-no-slider-navigation av-slideshow-manual av-loop-once av-loop-manual-endless avia-content-slider1' data-slideshow-options=\"{&quot;animation&quot;:&quot;slide&quot;,&quot;autoplay&quot;:false,&quot;loop_autoplay&quot;:&quot;once&quot;,&quot;interval&quot;:5,&quot;loop_manual&quot;:&quot;manual-endless&quot;,&quot;autoplay_stopper&quot;:false,&quot;noNavigation&quot;:false,&quot;bg_slider&quot;:false,&quot;keep_padding&quot;:&quot;&quot;,&quot;hoverpause&quot;:false,&quot;show_slide_delay&quot;:0}\"><div class='avia-smallarrow-slider-heading  no-logo-slider-heading '><div class='new-special-heading'>&nbsp;<\/div><\/div><div class=\"avia-content-slider-inner\"><div class=\"slide-entry-wrap\"><div  class='slide-entry av-2cs5i-fd7a3b76b68dacbcb26968782304d32c flex_column no_margin av_one_third real-thumbnail post-entry slide-entry-overview slide-loop-1 slide-parity-odd  first'><span class='av-partner-fake-img' style='padding-bottom:62.7734375%; background-image:url(https:\/\/elsa.no\/oslo\/files\/2023\/05\/ELSA-finale-22-16-scaled.jpg);'><\/span><\/div><div  class='slide-entry av-1m19m-3023afbab24e53c800a29de9728c4a72 flex_column no_margin av_one_third real-thumbnail post-entry slide-entry-overview slide-loop-2 slide-parity-even  '><span class='av-partner-fake-img' style='padding-bottom:62.7734375%; background-image:url(https:\/\/elsa.no\/oslo\/files\/2025\/02\/att.0fV9F88eIvk_IeTflIuPm8E_mQD5QUoQRdm4h5FLbUg.jpg);'><\/span><\/div><div  class='slide-entry av-13eqq-23cb60e1c8e0eea381c65ab71aa4f922 flex_column no_margin av_one_third real-thumbnail post-entry slide-entry-overview slide-loop-3 slide-parity-odd post-entry-last '><span class='av-partner-fake-img' style='padding-bottom:62.7734375%; background-image:url(https:\/\/elsa.no\/oslo\/files\/2025\/02\/DSC9786-Enhanced-NR-scaled.jpg);'><\/span><\/div><\/div><\/div><\/div>\n","protected":false},"excerpt":{"rendered":"","protected":false},"author":1,"featured_media":222,"parent":0,"menu_order":0,"comment_status":"closed","ping_status":"closed","template":"","meta":{"jetpack_post_was_ever_published":false,"footnotes":""},"class_list":["post-90","page","type-page","status-publish","has-post-thumbnail","hentry"],"jetpack_sharing_enabled":true,"jetpack_shortlink":"https:\/\/wp.me\/P7PccC-1s","jetpack-related-posts":[],"_links":{"self":[{"href":"https:\/\/elsa.no\/oslo\/wp-json\/wp\/v2\/pages\/90","targetHints":{"allow":["GET"]}}],"collection":[{"href":"https:\/\/elsa.no\/oslo\/wp-json\/wp\/v2\/pages"}],"about":[{"href":"https:\/\/elsa.no\/oslo\/wp-json\/wp\/v2\/types\/page"}],"author":[{"embeddable":true,"href":"https:\/\/elsa.no\/oslo\/wp-json\/wp\/v2\/users\/1"}],"replies":[{"embeddable":true,"href":"https:\/\/elsa.no\/oslo\/wp-json\/wp\/v2\/comments?post=90"}],"version-history":[{"count":35,"href":"https:\/\/elsa.no\/oslo\/wp-json\/wp\/v2\/pages\/90\/revisions"}],"predecessor-version":[{"id":3331,"href":"https:\/\/elsa.no\/oslo\/wp-json\/wp\/v2\/pages\/90\/revisions\/3331"}],"wp:featuredmedia":[{"embeddable":true,"href":"https:\/\/elsa.no\/oslo\/wp-json\/wp\/v2\/media\/222"}],"wp:attachment":[{"href":"https:\/\/elsa.no\/oslo\/wp-json\/wp\/v2\/media?parent=90"}],"curies":[{"name":"wp","href":"https:\/\/api.w.org\/{rel}","templated":true}]}}