{"id":751,"date":"2014-10-28T15:30:06","date_gmt":"2014-10-28T14:30:06","guid":{"rendered":"http:\/\/elsa.no\/oslo\/?page_id=751"},"modified":"2023-05-22T00:55:30","modified_gmt":"2023-05-21T22:55:30","slug":"studieturer","status":"publish","type":"page","link":"https:\/\/elsa.no\/oslo\/sc\/studieturer\/","title":{"rendered":"Studieturer"},"content":{"rendered":"\n<style type=\"text\/css\" data-created_by=\"avia_inline_auto\" id=\"style-css-av-v5kcn-6ee14e515763469afa8b8f58bb90fbc5\">\n.flex_column.av-v5kcn-6ee14e515763469afa8b8f58bb90fbc5{\n-webkit-border-radius:0px 0px 0px 0px;\n-moz-border-radius:0px 0px 0px 0px;\nborder-radius:0px 0px 0px 0px;\npadding:0px 0px 0px 0px;\n}\n<\/style>\n<div class='flex_column av-v5kcn-6ee14e515763469afa8b8f58bb90fbc5 av_two_third  avia-builder-el-0  el_before_av_one_third  avia-builder-el-first  first flex_column_div av-zero-column-padding '     ><section  class='av_textblock_section av-s1guv-d67d2cbfbab0d81b0e64f82d51dba53e'  itemscope=\"itemscope\" itemtype=\"https:\/\/schema.org\/CreativeWork\" ><div class='avia_textblock'  itemprop=\"text\" ><p>ELSA Oslo arrangerer studieturer til viktige\u00a0institusjoner!<\/p>\n<p>Tidligere turer har g\u00e5tt til Strasbourg, Gen\u00e8ve, Haag og Amsterdam. Dette er unike muligheter til \u00e5 f\u00e5 oppleve hverdagen i de institusjonene vi l\u00e6rer om og forholder oss til p\u00e5 studiet, samt et morsomt avbrekk fra timene p\u00e5 lesesalen.<\/p>\n<p>Har du lyst til \u00e5 bli med i studieturgruppen, eller vil du kanskje reise p\u00e5 tur? Ta kontakt med VP S&amp;C p\u00e5\u00a0 <a href=\"&#109;&#x61;i&#108;&#x74;o&#58;&#x73;e&#109;&#x69;n&#97;&#x72;s&#99;&#x6f;n&#102;&#x65;r&#101;&#x6e;c&#101;&#x73;&#46;&#111;&#x73;l&#111;&#x40;n&#x6f;&#x2e;e&#x6c;&#x73;&#97;&#x2e;&#x6f;&#114;&#x67;\">&#115;&#x65;&#109;&#x69;n&#x61;r&#115;&#x63;&#111;&#x6e;&#102;&#x65;r&#x65;n&#99;&#x65;&#115;&#x2e;o&#x73;l&#x6f;&#x40;&#110;&#x6f;&#46;&#x65;l&#x73;a&#46;&#x6f;&#114;&#x67;<\/a>.<\/p>\n<\/div><\/section><\/div>\n<style type=\"text\/css\" data-created_by=\"avia_inline_auto\" id=\"style-css-av-moz2n-2be944ef1f42b537245b8dd1751bcdad\">\n.flex_column.av-moz2n-2be944ef1f42b537245b8dd1751bcdad{\n-webkit-border-radius:0px 0px 0px 0px;\n-moz-border-radius:0px 0px 0px 0px;\nborder-radius:0px 0px 0px 0px;\npadding:0px 0px 0px 0px;\n}\n<\/style>\n<div class='flex_column av-moz2n-2be944ef1f42b537245b8dd1751bcdad av_one_third  avia-builder-el-2  el_after_av_two_third  avia-builder-el-last  flex_column_div av-zero-column-padding '     ><p>\n<style type=\"text\/css\" data-created_by=\"avia_inline_auto\" id=\"style-css-av-cptaf-2241752419546744ea6d7db409d7d258\">\n.avia-image-container.av-cptaf-2241752419546744ea6d7db409d7d258 img.avia_image{\nbox-shadow:none;\n}\n.avia-image-container.av-cptaf-2241752419546744ea6d7db409d7d258 .av-image-caption-overlay-center{\ncolor:#ffffff;\n}\n<\/style>\n<div  class='avia-image-container av-cptaf-2241752419546744ea6d7db409d7d258 av-styling- avia-align-center  avia-builder-el-3  el_before_av_image  avia-builder-el-first '   itemprop=\"image\" itemscope=\"itemscope\" itemtype=\"https:\/\/schema.org\/ImageObject\" ><div class=\"avia-image-container-inner\"><div class=\"avia-image-overlay-wrap\"><img decoding=\"async\" class='wp-image-1415 avia-img-lazy-loading-not-1415 avia_image ' src=\"https:\/\/i0.wp.com\/elsa.no\/oslo\/files\/2016\/09\/14.jpg?fit=300%2C225&ssl=1\" alt='' title='14'  height=\"225\" width=\"300\"  itemprop=\"thumbnailUrl\" srcset=\"https:\/\/i0.wp.com\/elsa.no\/oslo\/files\/2016\/09\/14.jpg?w=3264&amp;ssl=1 3264w, https:\/\/i0.wp.com\/elsa.no\/oslo\/files\/2016\/09\/14.jpg?resize=300%2C225&amp;ssl=1 300w, https:\/\/i0.wp.com\/elsa.no\/oslo\/files\/2016\/09\/14.jpg?resize=1030%2C773&amp;ssl=1 1030w, https:\/\/i0.wp.com\/elsa.no\/oslo\/files\/2016\/09\/14.jpg?resize=1500%2C1125&amp;ssl=1 1500w, https:\/\/i0.wp.com\/elsa.no\/oslo\/files\/2016\/09\/14.jpg?resize=705%2C529&amp;ssl=1 705w, https:\/\/i0.wp.com\/elsa.no\/oslo\/files\/2016\/09\/14.jpg?resize=450%2C338&amp;ssl=1 450w, https:\/\/i0.wp.com\/elsa.no\/oslo\/files\/2016\/09\/14.jpg?w=3000&amp;ssl=1 3000w\" sizes=\"(max-width: 300px) 100vw, 300px\" \/><\/div><\/div><\/div><br \/>\n\n<style type=\"text\/css\" data-created_by=\"avia_inline_auto\" id=\"style-css-av-8awlz-a2d3c3832ff30f97d3b4ff63e68d3944\">\n.avia-image-container.av-8awlz-a2d3c3832ff30f97d3b4ff63e68d3944 img.avia_image{\nbox-shadow:none;\n}\n.avia-image-container.av-8awlz-a2d3c3832ff30f97d3b4ff63e68d3944 .av-image-caption-overlay-center{\ncolor:#ffffff;\n}\n<\/style>\n<div  class='avia-image-container av-8awlz-a2d3c3832ff30f97d3b4ff63e68d3944 av-styling- avia-align-center  avia-builder-el-4  el_after_av_image  avia-builder-el-last '   itemprop=\"image\" itemscope=\"itemscope\" itemtype=\"https:\/\/schema.org\/ImageObject\" ><div class=\"avia-image-container-inner\"><div class=\"avia-image-overlay-wrap\"><img decoding=\"async\" class='wp-image-1412 avia-img-lazy-loading-not-1412 avia_image ' src=\"https:\/\/i0.wp.com\/elsa.no\/oslo\/files\/2016\/09\/3.jpg?fit=300%2C225&ssl=1\" alt='' title='3'  height=\"225\" width=\"300\"  itemprop=\"thumbnailUrl\" srcset=\"https:\/\/i0.wp.com\/elsa.no\/oslo\/files\/2016\/09\/3.jpg?w=5184&amp;ssl=1 5184w, https:\/\/i0.wp.com\/elsa.no\/oslo\/files\/2016\/09\/3.jpg?resize=300%2C225&amp;ssl=1 300w, https:\/\/i0.wp.com\/elsa.no\/oslo\/files\/2016\/09\/3.jpg?resize=1030%2C773&amp;ssl=1 1030w, https:\/\/i0.wp.com\/elsa.no\/oslo\/files\/2016\/09\/3.jpg?resize=1500%2C1125&amp;ssl=1 1500w, https:\/\/i0.wp.com\/elsa.no\/oslo\/files\/2016\/09\/3.jpg?resize=705%2C529&amp;ssl=1 705w, https:\/\/i0.wp.com\/elsa.no\/oslo\/files\/2016\/09\/3.jpg?resize=450%2C338&amp;ssl=1 450w, https:\/\/i0.wp.com\/elsa.no\/oslo\/files\/2016\/09\/3.jpg?w=3000&amp;ssl=1 3000w, https:\/\/i0.wp.com\/elsa.no\/oslo\/files\/2016\/09\/3.jpg?w=4500&amp;ssl=1 4500w\" sizes=\"(max-width: 300px) 100vw, 300px\" \/><\/div><\/div><\/div><\/p><\/div>\n","protected":false},"excerpt":{"rendered":"","protected":false},"author":13,"featured_media":0,"parent":92,"menu_order":0,"comment_status":"closed","ping_status":"closed","template":"","meta":{"jetpack_post_was_ever_published":false,"footnotes":""},"class_list":["post-751","page","type-page","status-publish","hentry"],"jetpack_sharing_enabled":true,"jetpack_shortlink":"https:\/\/wp.me\/P7PccC-c7","jetpack-related-posts":[],"_links":{"self":[{"href":"https:\/\/elsa.no\/oslo\/wp-json\/wp\/v2\/pages\/751","targetHints":{"allow":["GET"]}}],"collection":[{"href":"https:\/\/elsa.no\/oslo\/wp-json\/wp\/v2\/pages"}],"about":[{"href":"https:\/\/elsa.no\/oslo\/wp-json\/wp\/v2\/types\/page"}],"author":[{"embeddable":true,"href":"https:\/\/elsa.no\/oslo\/wp-json\/wp\/v2\/users\/13"}],"replies":[{"embeddable":true,"href":"https:\/\/elsa.no\/oslo\/wp-json\/wp\/v2\/comments?post=751"}],"version-history":[{"count":12,"href":"https:\/\/elsa.no\/oslo\/wp-json\/wp\/v2\/pages\/751\/revisions"}],"predecessor-version":[{"id":3061,"href":"https:\/\/elsa.no\/oslo\/wp-json\/wp\/v2\/pages\/751\/revisions\/3061"}],"up":[{"embeddable":true,"href":"https:\/\/elsa.no\/oslo\/wp-json\/wp\/v2\/pages\/92"}],"wp:attachment":[{"href":"https:\/\/elsa.no\/oslo\/wp-json\/wp\/v2\/media?parent=751"}],"curies":[{"name":"wp","href":"https:\/\/api.w.org\/{rel}","templated":true}]}}