{"id":616,"date":"2014-05-08T22:37:34","date_gmt":"2014-05-08T20:37:34","guid":{"rendered":"http:\/\/elsa.no\/oslo\/?page_id=616"},"modified":"2025-09-30T20:09:08","modified_gmt":"2025-09-30T18:09:08","slug":"innmelding","status":"publish","type":"page","link":"https:\/\/elsa.no\/oslo\/innmelding\/","title":{"rendered":"Meld deg inn i ELSA Oslo"},"content":{"rendered":"<div class='flex_column av-pagpk-bbea7b495bcf312f09380a1c062e7001 av_one_half  avia-builder-el-0  el_before_av_one_half  avia-builder-el-first  first flex_column_div '     ><section  class='av_textblock_section av-mfwkw-259ef6827958a00ef9b135872cca4d02'  itemscope=\"itemscope\" itemtype=\"https:\/\/schema.org\/CreativeWork\" ><div class='avia_textblock'  itemprop=\"text\" ><p>ELSA Oslo er under stadig utvikling. Vi trenger flere ambisi\u00f8se og engasjerte studenter til \u00e5 hjelpe til med denne utviklingen.<\/p>\n<p>Som medlem blir du del av et hyggelig\u00a0og aktivt\u00a0nettverk p\u00e5 juridisk fakultet i Oslo, med alt vi har \u00e5 tilby av sosiale og akademiske aktiviteter. Du f\u00e5r ogs\u00e5 tilgang til \u00e5 s\u00f8ke p\u00e5 arrangementer ELSA tilbyr nasjonalt og internasjonalt. Du kan dra som\u00a0<a href=\"https:\/\/elsa.no\/oslo\/sc\/delegations\/\" target=\"_blank\" rel=\"noopener noreferrer\">delegat for ELSA<\/a>\u00a0til diverse internasjonale forum, s\u00f8ke p\u00e5\u00a0<a href=\"https:\/\/elsa.no\/oslo\/sc\/lawschools\/\" target=\"_blank\" rel=\"noopener noreferrer\">juridiske\u00a0sommerskoler<\/a>\u00a0arrangert av ELSA-grupper rundt om i Europa, delta p\u00e5 interne internasjonale m\u00f8ter i ELSA, delta p\u00e5\u00a0<a title=\"ELSA\u00a0Norge p\u00e5 studietur i Azerbaijan\" href=\"https:\/\/elsa.no\/oslo\/2014\/02\/07\/elsa-norge-pa-studietur-i-azerbaijan\/\" target=\"_blank\" rel=\"noopener noreferrer\">internasjonale studieturer<\/a>, s\u00f8ke p\u00e5\u00a0<a title=\"Student Trainee Exchange Programme (STEP)\" href=\"https:\/\/elsa.no\/oslo\/step\/\" target=\"_blank\" rel=\"noopener noreferrer\">traineopphold<\/a>\u00a0i mange ulike land i Europa og delta p\u00e5 ELSA Norges landsm\u00f8te.<\/p>\n<p>Du f\u00e5r ogs\u00e5 tale-, forslags- og stemmerett ved ELSA Oslos generalforsamlinger.<\/p>\n<p><strong>Merk at du m\u00e5 ha studierett ved Det juridiske fakultet i Oslo eller Handelsh\u00f8yskolen BI for \u00e5 bli medlem.\u00a0<\/strong><\/p>\n<p>Ferdig utdannede jurister kan f\u00e5 et personlig medlemskap i ELSA Norway inntil 18 m\u00e5neder etter at de ble ferdig utdannet, dette gj\u00f8res <a href=\"http:\/\/elsa.no\/personlig_medlemskap\/.\">her.<\/a>\u00a0Dette gjelder ogs\u00e5 studenter p\u00e5 3-\u00e5rig jusutdannelse.<\/p>\n<\/div><\/section><\/div>\n<style type=\"text\/css\" data-created_by=\"avia_inline_auto\" id=\"style-css-av-ciezc-fe389e42b85fcff9a82184a61c994adf\">\n.flex_column.av-ciezc-fe389e42b85fcff9a82184a61c994adf{\n-webkit-border-radius:0px 0px 0px 0px;\n-moz-border-radius:0px 0px 0px 0px;\nborder-radius:0px 0px 0px 0px;\npadding:0px 0px 0px 0px;\n}\n<\/style>\n<div class='flex_column av-ciezc-fe389e42b85fcff9a82184a61c994adf av_one_half  avia-builder-el-2  el_after_av_one_half  avia-builder-el-last  flex_column_div av-zero-column-padding '     ><section  class='av_textblock_section av-9gm1s-33b3a68dc655c60d93000173f5f4564e'  itemscope=\"itemscope\" itemtype=\"https:\/\/schema.org\/CreativeWork\" ><div class='avia_textblock'  itemprop=\"text\" ><div class=\"frm_forms  with_frm_style frm_style_formidable-style\" id=\"frm_form_2_container\" >\n<form enctype=\"multipart\/form-data\" method=\"post\" class=\"frm-show-form  frm_pro_form \" id=\"form_5fimn9\" >\n<div class=\"frm_form_fields \">\n<fieldset>\n\r\n<div class=\"frm_fields_container\">\n<input type=\"hidden\" name=\"frm_action\" value=\"create\" \/>\n<input type=\"hidden\" name=\"form_id\" value=\"2\" \/>\n<input type=\"hidden\" name=\"frm_hide_fields_2\" id=\"frm_hide_fields_2\" value=\"\" \/>\n<input type=\"hidden\" name=\"form_key\" value=\"5fimn9\" \/>\n<input type=\"hidden\" name=\"item_meta[0]\" value=\"\" \/>\n<input type=\"hidden\" id=\"frm_submit_entry_2\" name=\"frm_submit_entry_2\" value=\"572966c702\" \/><input type=\"hidden\" name=\"_wp_http_referer\" value=\"\/oslo\/wp-json\/wp\/v2\/pages\/616\" \/><div id=\"frm_field_545_container\" class=\"frm_form_field form-field  frm_top_container\">\r\n    <label class=\"frm_primary_label\">Kj\u00f8nn \/ Gender\r\n        <span class=\"frm_required\"><\/span>\r\n    <\/label>\r\n    \t\t<select name=\"item_meta[545]\" id=\"field_kjnn6\"  data-frmval=\"Mann \/ Male\" data-invmsg=\"Kj\u00f8nn \/ Gender is invalid\" class=\"auto_width\" aria-invalid=\"false\"  >\n\t\t<option  value=\"\"> <\/option><option  value=\"Mann \/ Male\" selected='selected'>Mann \/ Male<\/option><option  value=\"Kvinne \/ Female\">Kvinne \/ Female<\/option><option  value=\"Annet \/ Other\">Annet \/ Other<\/option>\t<\/select>\n\t\r\n    \r\n    \r\n<\/div>\n<div id=\"frm_field_543_container\" class=\"frm_form_field form-field  frm_required_field frm_top_container\">\r\n    <label class=\"frm_primary_label\">Fornavn \/ First name\r\n        <span class=\"frm_required\">*<\/span>\r\n    <\/label>\r\n    <input type=\"text\" id=\"field_fornavn6\" name=\"item_meta[543]\" value=\"\"  style=\"width:360px\" data-reqmsg=\"Fornavn \/ First name cannot be blank.\" aria-required=\"true\" data-invmsg=\"Fornavn is invalid\" class=\"auto_width\" aria-invalid=\"false\"  \/>\r\n    \r\n    \r\n<\/div>\n<div id=\"frm_field_544_container\" class=\"frm_form_field form-field  frm_required_field frm_top_container\">\r\n    <label class=\"frm_primary_label\">Etternavn \/ Surname\r\n        <span class=\"frm_required\">*<\/span>\r\n    <\/label>\r\n    <input type=\"text\" id=\"field_pwibew6\" name=\"item_meta[544]\" value=\"\"  style=\"width:360px\" data-reqmsg=\"Etternavn \/ Surname cannot be blank.\" aria-required=\"true\" data-invmsg=\"Etternavn is invalid\" class=\"auto_width\" aria-invalid=\"false\"  \/>\r\n    \r\n    \r\n<\/div>\n<div id=\"frm_field_546_container\" class=\"frm_form_field form-field  frm_required_field frm_top_container\">\r\n    <label class=\"frm_primary_label\">E-mail\r\n        <span class=\"frm_required\">*<\/span>\r\n    <\/label>\r\n    <input type=\"email\" id=\"field_e-post6\" name=\"item_meta[546]\" value=\"\"  style=\"width:360px\" data-reqmsg=\"E-mail cannot be blank.\" aria-required=\"true\" data-invmsg=\"E-post is invalid\" class=\"auto_width\" aria-invalid=\"false\"  \/>\r\n    \r\n    \r\n<\/div>\n<div id=\"frm_field_547_container\" class=\"frm_form_field form-field  frm_required_field frm_top_container frm_first_half horizontal_radio\">\r\n    <label class=\"frm_primary_label\">Studiestart \/ Start of studies\r\n        <span class=\"frm_required\">*<\/span>\r\n    <\/label>\r\n    \t\t<div class=\"frm_radio\" id=\"frm_radio_547-0\">\t\t\t<label  for=\"field_48h75n6-0\">\n\t\t\t\t\t<input type=\"radio\" name=\"item_meta[547]\" id=\"field_48h75n6-0\" value=\"H\u00f8st \/ Autumn\"\n\t\t data-reqmsg=\"Studiestart \/ Start of studies cannot be blank.\" data-invmsg=\"Studiestart \/ Start of studies is invalid\"   \/> H\u00f8st \/ Autumn<\/label><\/div>\n\t\t<div class=\"frm_radio\" id=\"frm_radio_547-1\">\t\t\t<label  for=\"field_48h75n6-1\">\n\t\t\t\t\t<input type=\"radio\" name=\"item_meta[547]\" id=\"field_48h75n6-1\" value=\"V\u00e5r \/ Spring\"\n\t\t data-reqmsg=\"Studiestart \/ Start of studies cannot be blank.\" data-invmsg=\"Studiestart \/ Start of studies is invalid\"   \/> V\u00e5r \/ Spring<\/label><\/div>\n\r\n    \r\n    \r\n<\/div>\n<div id=\"frm_field_548_container\" class=\"frm_form_field form-field  frm_required_field frm_hidden_container frm_last_half\">\r\n    <label for=\"field_hm0kf66\" class=\"frm_primary_label\">Studiestart - \u00c5r \/ Start of studies - Year\r\n        <span class=\"frm_required\">*<\/span>\r\n    <\/label>\r\n    \t\t<select name=\"item_meta[548]\" id=\"field_hm0kf66\"  data-reqmsg=\"Studiestart - \u00c5r \/ Start of studies - Year cannot be blank.\" aria-required=\"true\" data-invmsg=\"Studiestart - \u00c5r \/ Start of studies - Year is invalid\" class=\"auto_width\" aria-invalid=\"false\"  >\n\t\t<option  value=\"Select\">Select<\/option><option  value=\"2011\">2011<\/option><option  value=\"2012\">2012<\/option><option  value=\"2013\">2013<\/option><option  value=\"2014\">2014<\/option><option  value=\"2015\">2015<\/option><option  value=\"2016\">2016<\/option><option  value=\"2017\">2017<\/option><option  value=\"2018\">2018<\/option><option  value=\"2019\">2019<\/option><option  value=\"2020\">2020<\/option><option  value=\"2021\">2021<\/option><option  value=\"2022\">2022<\/option><option  value=\"2023\">2023<\/option><option  value=\"2024\">2024<\/option><option  value=\"2025\">2025<\/option><option  value=\"2026\">2026<\/option>\t<\/select>\n\t\r\n    \r\n    \r\n<\/div>\n<div id=\"frm_field_857_container\" class=\"frm_form_field form-field  frm_top_container vertical_radio\">\n\t<div id=\"field_37vzp_label\" class=\"frm_primary_label\">Check if exchange student\n\t\t<span class=\"frm_required\" aria-hidden=\"true\"><\/span>\n\t<\/div>\n\t<div class=\"frm_opt_container\" role=\"group\">\t\t<div class=\"frm_checkbox\" id=\"frm_checkbox_857-0\">\t\t\t<label  for=\"field_37vzp-0\">\n\t\t\t<input type=\"checkbox\" name=\"item_meta[857][]\" id=\"field_37vzp-0\" value=\"Exchange student\"  data-invmsg=\"Check if exchange student is invalid\"   \/> Exchange student<\/label><\/div>\n<\/div>\n\t\n\t\n<\/div>\n<div id=\"frm_field_549_container\" class=\"frm_form_field form-field  frm_top_container\">\r\n    <label for=\"field_ngkcf76\" class=\"frm_primary_label\">Eventuell kommentar \/ Comments\r\n        <span class=\"frm_required\"><\/span>\r\n    <\/label>\r\n    <textarea name=\"item_meta[549]\" id=\"field_ngkcf76\" rows=\"3\"  style=\"width:279px\" cols=\"31\" data-invmsg=\"Eventuell kommentar \/ Comments is invalid\" class=\"auto_width\" aria-invalid=\"false\"  ><\/textarea>\r\n    \r\n    \r\n<\/div>\n<div id=\"frm_field_855_container\" class=\"frm_form_field form-field  frm_required_field frm_top_container frm_last_half frm12\">\r\n    <label for=\"field_fno41\" class=\"frm_primary_label\">Forventet slutt - \u00c5r\/Expected end of studies\r\n        <span class=\"frm_required\">*<\/span>\r\n    <\/label>\r\n    \t\t<select name=\"item_meta[855]\" id=\"field_fno41\"  data-reqmsg=\"Forventet slutt - \u00c5r\/Expected end of studies cannot be blank.\" aria-required=\"true\" data-invmsg=\"Forventet slutt - \u00c5r\/Expected end of studies is invalid\" class=\"auto_width\" aria-invalid=\"false\"  >\n\t\t<option  value=\"Select\">Select<\/option><option  value=\"2011\">2011<\/option><option  value=\"2012\">2012<\/option><option  value=\"2013\">2013<\/option><option  value=\"2014\">2014<\/option><option  value=\"2015\">2015<\/option><option  value=\"2016\">2016<\/option><option  value=\"2017\">2017<\/option><option  value=\"2018\">2018<\/option><option  value=\"2019\">2019<\/option><option  value=\"2020\">2020<\/option><option  value=\"2021\">2021<\/option><option  value=\"2022\">2022<\/option><option  value=\"2023\">2023<\/option><option  value=\"2024\">2024<\/option><option  value=\"2025\">2025<\/option><option  value=\"2026\">2026<\/option><option  value=\"2027\">2027<\/option><option  value=\"2028\">2028<\/option><option  value=\"2029\">2029<\/option><option  value=\"2030\">2030<\/option><option  value=\"2031\">2031<\/option><option  value=\"2032\">2032<\/option>\t<\/select>\n\t\r\n    \r\n    \r\n<\/div>\n<div id=\"frm_field_852_container\" class=\"frm_form_field form-field \">\n\t<div class=\"frm_submit\">\r\n\r\n<input type=\"submit\" value=\"Bli medlem \/ Become a member\"  class=\"frm_final_submit\" formnovalidate=\"formnovalidate\" \/>\r\n<img data-recalc-dims=\"1\" decoding=\"async\" class=\"frm_ajax_loading\" src=\"https:\/\/i0.wp.com\/elsa.no\/oslo\/wp-content\/plugins\/formidable\/images\/ajax_loader.gif?w=1500&#038;ssl=1\" alt=\"Sending\" style=\"visibility:hidden\" \/>\r\n\r\n<\/div>\n<\/div>\n\t<input type=\"hidden\" name=\"item_key\" value=\"\" \/>\n\t\t\t<div id=\"frm_field_858_container\">\n\t\t\t<label for=\"field_i1roe\" >\n\t\t\t\tIf you are human, leave this field blank.\t\t\t<\/label>\n\t\t\t<input  id=\"field_i1roe\" type=\"text\" class=\"frm_form_field form-field frm_verify\" name=\"item_meta[858]\" value=\"\"  \/>\n\t\t<\/div>\n\t\t<input name=\"frm_state\" type=\"hidden\" value=\"gZos4H+5bBehiMYfOmj3C9B11tdAHeHiXeYbB37uG0Y=\" \/><\/div>\n<\/fieldset>\n<\/div>\n\n<\/form>\n<\/div>\n\n<\/div><\/section><\/div>\n","protected":false},"excerpt":{"rendered":"","protected":false},"author":13,"featured_media":807,"parent":0,"menu_order":0,"comment_status":"closed","ping_status":"closed","template":"","meta":{"jetpack_post_was_ever_published":false,"footnotes":""},"class_list":["post-616","page","type-page","status-publish","has-post-thumbnail","hentry"],"jetpack_sharing_enabled":true,"jetpack_shortlink":"https:\/\/wp.me\/P7PccC-9W","jetpack-related-posts":[],"_links":{"self":[{"href":"https:\/\/elsa.no\/oslo\/wp-json\/wp\/v2\/pages\/616","targetHints":{"allow":["GET"]}}],"collection":[{"href":"https:\/\/elsa.no\/oslo\/wp-json\/wp\/v2\/pages"}],"about":[{"href":"https:\/\/elsa.no\/oslo\/wp-json\/wp\/v2\/types\/page"}],"author":[{"embeddable":true,"href":"https:\/\/elsa.no\/oslo\/wp-json\/wp\/v2\/users\/13"}],"replies":[{"embeddable":true,"href":"https:\/\/elsa.no\/oslo\/wp-json\/wp\/v2\/comments?post=616"}],"version-history":[{"count":11,"href":"https:\/\/elsa.no\/oslo\/wp-json\/wp\/v2\/pages\/616\/revisions"}],"predecessor-version":[{"id":3382,"href":"https:\/\/elsa.no\/oslo\/wp-json\/wp\/v2\/pages\/616\/revisions\/3382"}],"wp:featuredmedia":[{"embeddable":true,"href":"https:\/\/elsa.no\/oslo\/wp-json\/wp\/v2\/media\/807"}],"wp:attachment":[{"href":"https:\/\/elsa.no\/oslo\/wp-json\/wp\/v2\/media?parent=616"}],"curies":[{"name":"wp","href":"https:\/\/api.w.org\/{rel}","templated":true}]}}