{"id":3122,"date":"2025-02-06T18:44:32","date_gmt":"2025-02-06T17:44:32","guid":{"rendered":"https:\/\/elsa.no\/oslo\/?page_id=3122"},"modified":"2025-04-11T09:36:35","modified_gmt":"2025-04-11T07:36:35","slug":"faq-forhandlingskonkurransen","status":"publish","type":"page","link":"https:\/\/elsa.no\/oslo\/faq-forhandlingskonkurransen\/","title":{"rendered":"FAQ forhandlingskonkurransen"},"content":{"rendered":"\n<style type=\"text\/css\" data-created_by=\"avia_inline_auto\" id=\"style-css-av-m9ch3z8d-fde26cd6a9eee2cd7ebff135099df9b3\">\n#top .av-special-heading.av-m9ch3z8d-fde26cd6a9eee2cd7ebff135099df9b3{\npadding-bottom:10px;\n}\nbody .av-special-heading.av-m9ch3z8d-fde26cd6a9eee2cd7ebff135099df9b3 .av-special-heading-tag .heading-char{\nfont-size:25px;\n}\n.av-special-heading.av-m9ch3z8d-fde26cd6a9eee2cd7ebff135099df9b3 .av-subheading{\nfont-size:15px;\n}\n<\/style>\n<div  class='av-special-heading av-m9ch3z8d-fde26cd6a9eee2cd7ebff135099df9b3 av-special-heading-h3  avia-builder-el-0  el_before_av_one_full  avia-builder-el-first '><h3 class='av-special-heading-tag'  itemprop=\"headline\"  >FAQ forhandlingskonkurransen<\/h3><div class=\"special-heading-border\"><div class=\"special-heading-inner-border\"><\/div><\/div><\/div>\n<div class='flex_column av-2efzqa-0f7a3f3bc93f54050fbf0190604b3878 av_one_full  avia-builder-el-1  el_after_av_heading  avia-builder-el-last  first flex_column_div '     ><section  class='av_textblock_section av-m6tmj0e3-c814e3f3b2d8837601deb619c6d51a77'  itemscope=\"itemscope\" itemtype=\"https:\/\/schema.org\/CreativeWork\" ><div class='avia_textblock'  itemprop=\"text\" ><p><span style=\"font-weight: 400\">F\u00f8rst og fremst, vi anbefaler alle \u00e5 ta en titt p\u00e5 konkurransens vedtekter. De ligger <a href=\"_wp_link_placeholder\" data-wplink-edit=\"true\">her<\/a>. Send oss gjerne ogs\u00e5 en mail p\u00e5 <\/span><a href=\"&#109;&#x61;&#105;&#x6c;&#116;&#x6f;&#58;&#x66;&#111;&#x72;&#104;&#x61;&#110;&#x64;&#108;&#x69;&#110;&#x67;&#46;&#x6f;&#115;&#x6c;&#111;&#x40;&#110;&#x6f;&#46;&#x65;l&#x73;a&#x2e;o&#x72;g\"><span style=\"font-weight: 400\">f&#111;&#x72;&#x68;&#x61;n&#100;&#108;&#x69;&#x6e;g&#46;&#111;&#x73;&#x6c;o&#64;&#110;&#x6f;&#x2e;&#x65;l&#115;&#x61;&#x2e;&#x6f;r&#103;<\/span><\/a><span style=\"font-weight: 400\"> dersom du skulle ha sp\u00f8rsm\u00e5l som ikke er besvart under:)<\/span><\/p>\n<p><strong>Trenger man \u00e5 delta p\u00e5 kurs for \u00e5 delta i konkurransen?\u00a0<\/strong><\/p>\n<p><span style=\"font-weight: 400\">Ja, for \u00e5 delta i konkurransen m\u00e5 man ogs\u00e5 v\u00e6re med ett av kursene.\u00a0<\/span><\/p>\n<p><strong>Hva om man har deltatt p\u00e5 kurs tidligere og kun \u00f8nsker \u00e5 v\u00e6re med p\u00e5 konkurransen?\u00a0<\/strong><\/p>\n<p><span style=\"font-weight: 400\">Meld deg p\u00e5 som normalt, men send da ogs\u00e5 mail til <\/span><a href=\"&#x6d;&#97;&#x69;&#x6c;&#116;&#x6f;&#58;f&#x6f;&#114;h&#x61;&#110;d&#x6c;&#105;n&#x67;&#46;&#x6f;&#x73;&#108;&#x6f;&#x40;&#110;&#x6f;&#46;e&#x6c;&#115;a&#x2e;&#111;r&#x67;\"><span style=\"font-weight: 400\">&#102;&#x6f;r&#104;&#x61;n&#100;&#x6c;i&#110;&#x67;&#46;&#111;&#x73;&#108;&#x6f;&#x40;&#110;&#x6f;&#x2e;&#101;&#x6c;s&#97;&#x2e;o&#114;&#x67;<\/span><\/a><span style=\"font-weight: 400\"> og legg ved navn og tidligere mottatt kursdiplom. Ved bekreftelse fra oss beh\u00f8ver du ikke \u00e5 delta p\u00e5 kurset.\u00a0<\/span><\/p>\n<p><strong>N\u00e5r avholdes det kurs 2025?\u00a0<\/strong><\/p>\n<p><span style=\"font-weight: 400\">Onsdag 26. februar og tirsdag 4. Mars<\/span><\/p>\n<p><strong>N\u00e5r avholdes de ulike rundene?\u00a0<\/strong><\/p>\n<p><span style=\"font-weight: 400\">Kvartfinalene holdes 18. og 19. mars<\/span><\/p>\n<p><span style=\"font-weight: 400\">Semifinalen holdes 25. mars<\/span><\/p>\n<p><span style=\"font-weight: 400\">Finalen holdes 3. april<\/span><\/p>\n<p><strong>Kan studenter fra BI delta?\u00a0<\/strong><\/p>\n<p><span style=\"font-weight: 400\">Dersom du har studierett ved master i rettsvitenskap p\u00e5 BI kan du delta b\u00e5de p\u00e5 kurs og i konkurransen.\u00a0<\/span><\/p>\n<p><strong>N\u00e5r er p\u00e5meldingsfristen?<\/strong><\/p>\n<p><span style=\"font-weight: 400\">P\u00e5meldingsfristen for forhandlingskonkurransen 2025 er 21. februar kl 23:59.<\/span><\/p>\n<p><strong>Er man meldt til konkurransen hvis man har meldt seg p\u00e5 kurset?\u00a0<\/strong><\/p>\n<p><span style=\"font-weight: 400\">Ja. Man blir automatisk tilsendt selekteringsoppgaven p\u00e5 mail dersom man har deltatt p\u00e5 kurs.\u00a0<\/span><\/p>\n<p><strong>N\u00e5r sendes selekteringsoppgaven ut?\u00a0<\/strong><\/p>\n<p><span style=\"font-weight: 400\">Selekteringsoppgaven sendes ut onsdag 5. mars. Den sendes ut via e-post.\u00a0<\/span><\/p>\n<p><strong>Kan man delta alene?\u00a0<\/strong><\/p>\n<p><span style=\"font-weight: 400\">Nei. Man m\u00e5 v\u00e6re to per lag. Likevel, vi fors\u00f8ker \u00e5 sette sammen enkeltdeltakere dersom de har huket av for dette p\u00e5 p\u00e5meldingsskjemaet.\u00a0<\/span><\/p>\n<p><strong>Hva er premien?\u00a0<\/strong><\/p>\n<p><span style=\"font-weight: 400\">Vinnerlaget f\u00e5r 7500,- og andreplass f\u00e5r 2500,-. Vinnerlaget g\u00e5r dessuten videre til den nordiske finalen.<\/span><\/p>\n<p><strong>Er det mulig \u00e5 komme som tilskuer?\u00a0<\/strong><\/p>\n<p><span style=\"font-weight: 400\">Finalen er \u00e5pen for tilskuere. Til finalen avholdes det ogs\u00e5 bankett. P\u00e5meldingen til begge disse legges ut 14.03. p\u00e5 Facebook.<\/span><\/p>\n<p><strong>N\u00e5r sendes oppgavene ut f\u00f8r de muntlige rundene?\u00a0<\/strong><\/p>\n<p><span style=\"font-weight: 400\">Oppgaven sendes ut \u00e9n uke f\u00f8r.\u00a0<\/span><\/p>\n<p><br style=\"font-weight: 400\" \/><br style=\"font-weight: 400\" \/><\/p>\n<\/div><\/section><\/div>\n","protected":false},"excerpt":{"rendered":"","protected":false},"author":13,"featured_media":0,"parent":0,"menu_order":0,"comment_status":"closed","ping_status":"closed","template":"","meta":{"jetpack_post_was_ever_published":false,"footnotes":""},"class_list":["post-3122","page","type-page","status-publish","hentry"],"jetpack_sharing_enabled":true,"jetpack_shortlink":"https:\/\/wp.me\/P7PccC-Om","jetpack-related-posts":[],"_links":{"self":[{"href":"https:\/\/elsa.no\/oslo\/wp-json\/wp\/v2\/pages\/3122","targetHints":{"allow":["GET"]}}],"collection":[{"href":"https:\/\/elsa.no\/oslo\/wp-json\/wp\/v2\/pages"}],"about":[{"href":"https:\/\/elsa.no\/oslo\/wp-json\/wp\/v2\/types\/page"}],"author":[{"embeddable":true,"href":"https:\/\/elsa.no\/oslo\/wp-json\/wp\/v2\/users\/13"}],"replies":[{"embeddable":true,"href":"https:\/\/elsa.no\/oslo\/wp-json\/wp\/v2\/comments?post=3122"}],"version-history":[{"count":3,"href":"https:\/\/elsa.no\/oslo\/wp-json\/wp\/v2\/pages\/3122\/revisions"}],"predecessor-version":[{"id":3329,"href":"https:\/\/elsa.no\/oslo\/wp-json\/wp\/v2\/pages\/3122\/revisions\/3329"}],"wp:attachment":[{"href":"https:\/\/elsa.no\/oslo\/wp-json\/wp\/v2\/media?parent=3122"}],"curies":[{"name":"wp","href":"https:\/\/api.w.org\/{rel}","templated":true}]}}

<style type="text/css" data-created_by="avia_inline_auto" id="style-css-av-m9ch3z8d-fde26cd6a9eee2cd7ebff135099df9b3">
#top .av-special-heading.av-m9ch3z8d-fde26cd6a9eee2cd7ebff135099df9b3{
padding-bottom:10px;
}
body .av-special-heading.av-m9ch3z8d-fde26cd6a9eee2cd7ebff135099df9b3 .av-special-heading-tag .heading-char{
font-size:25px;
}
.av-special-heading.av-m9ch3z8d-fde26cd6a9eee2cd7ebff135099df9b3 .av-subheading{
font-size:15px;
}
</style>
<div  class='av-special-heading av-m9ch3z8d-fde26cd6a9eee2cd7ebff135099df9b3 av-special-heading-h3  avia-builder-el-0  el_before_av_one_full  avia-builder-el-first '><h3 class='av-special-heading-tag'  itemprop="headline"  >FAQ forhandlingskonkurransen</h3><div class="special-heading-border"><div class="special-heading-inner-border"></div></div></div>
<div class='flex_column av-2efzqa-0f7a3f3bc93f54050fbf0190604b3878 av_one_full  avia-builder-el-1  el_after_av_heading  avia-builder-el-last  first flex_column_div '     ><section  class='av_textblock_section av-m6tmj0e3-c814e3f3b2d8837601deb619c6d51a77'  itemscope="itemscope" itemtype="https://schema.org/CreativeWork" ><div class='avia_textblock'  itemprop="text" ><p><span style="font-weight: 400">Først og fremst, vi anbefaler alle å ta en titt på konkurransens vedtekter. De ligger <a href="_wp_link_placeholder" data-wplink-edit="true">her</a>. Send oss gjerne også en mail på </span><a href="&#109;&#x61;&#105;&#x6c;&#116;&#x6f;&#58;&#x66;&#111;&#x72;&#104;&#x61;&#110;&#x64;&#108;&#x69;&#110;&#x67;&#46;&#x6f;&#115;&#x6c;&#111;&#x40;&#110;&#x6f;&#46;&#x65;l&#x73;a&#x2e;o&#x72;g"><span style="font-weight: 400">f&#111;&#x72;&#x68;&#x61;n&#100;&#108;&#x69;&#x6e;g&#46;&#111;&#x73;&#x6c;o&#64;&#110;&#x6f;&#x2e;&#x65;l&#115;&#x61;&#x2e;&#x6f;r&#103;</span></a><span style="font-weight: 400"> dersom du skulle ha spørsmål som ikke er besvart under:)</span></p>
<p><strong>Trenger man å delta på kurs for å delta i konkurransen? </strong></p>
<p><span style="font-weight: 400">Ja, for å delta i konkurransen må man også være med ett av kursene. </span></p>
<p><strong>Hva om man har deltatt på kurs tidligere og kun ønsker å være med på konkurransen? </strong></p>
<p><span style="font-weight: 400">Meld deg på som normalt, men send da også mail til </span><a href="&#x6d;&#97;&#x69;&#x6c;&#116;&#x6f;&#58;f&#x6f;&#114;h&#x61;&#110;d&#x6c;&#105;n&#x67;&#46;&#x6f;&#x73;&#108;&#x6f;&#x40;&#110;&#x6f;&#46;e&#x6c;&#115;a&#x2e;&#111;r&#x67;"><span style="font-weight: 400">&#102;&#x6f;r&#104;&#x61;n&#100;&#x6c;i&#110;&#x67;&#46;&#111;&#x73;&#108;&#x6f;&#x40;&#110;&#x6f;&#x2e;&#101;&#x6c;s&#97;&#x2e;o&#114;&#x67;</span></a><span style="font-weight: 400"> og legg ved navn og tidligere mottatt kursdiplom. Ved bekreftelse fra oss behøver du ikke å delta på kurset. </span></p>
<p><strong>Når avholdes det kurs 2025? </strong></p>
<p><span style="font-weight: 400">Onsdag 26. februar og tirsdag 4. Mars</span></p>
<p><strong>Når avholdes de ulike rundene? </strong></p>
<p><span style="font-weight: 400">Kvartfinalene holdes 18. og 19. mars</span></p>
<p><span style="font-weight: 400">Semifinalen holdes 25. mars</span></p>
<p><span style="font-weight: 400">Finalen holdes 3. april</span></p>
<p><strong>Kan studenter fra BI delta? </strong></p>
<p><span style="font-weight: 400">Dersom du har studierett ved master i rettsvitenskap på BI kan du delta både på kurs og i konkurransen. </span></p>
<p><strong>Når er påmeldingsfristen?</strong></p>
<p><span style="font-weight: 400">Påmeldingsfristen for forhandlingskonkurransen 2025 er 21. februar kl 23:59.</span></p>
<p><strong>Er man meldt til konkurransen hvis man har meldt seg på kurset? </strong></p>
<p><span style="font-weight: 400">Ja. Man blir automatisk tilsendt selekteringsoppgaven på mail dersom man har deltatt på kurs. </span></p>
<p><strong>Når sendes selekteringsoppgaven ut? </strong></p>
<p><span style="font-weight: 400">Selekteringsoppgaven sendes ut onsdag 5. mars. Den sendes ut via e-post. </span></p>
<p><strong>Kan man delta alene? </strong></p>
<p><span style="font-weight: 400">Nei. Man må være to per lag. Likevel, vi forsøker å sette sammen enkeltdeltakere dersom de har huket av for dette på påmeldingsskjemaet. </span></p>
<p><strong>Hva er premien? </strong></p>
<p><span style="font-weight: 400">Vinnerlaget får 7500,- og andreplass får 2500,-. Vinnerlaget går dessuten videre til den nordiske finalen.</span></p>
<p><strong>Er det mulig å komme som tilskuer? </strong></p>
<p><span style="font-weight: 400">Finalen er åpen for tilskuere. Til finalen avholdes det også bankett. Påmeldingen til begge disse legges ut 14.03. på Facebook.</span></p>
<p><strong>Når sendes oppgavene ut før de muntlige rundene? </strong></p>
<p><span style="font-weight: 400">Oppgaven sendes ut én uke før. </span></p>
<p><br style="font-weight: 400" /><br style="font-weight: 400" /></p>
</div></section></div>
