{"id":2966,"date":"2022-07-26T12:42:26","date_gmt":"2022-07-26T10:42:26","guid":{"rendered":"https:\/\/elsa.no\/oslo\/?page_id=2966"},"modified":"2022-08-06T18:15:14","modified_gmt":"2022-08-06T16:15:14","slug":"human-rights","status":"publish","type":"page","link":"https:\/\/elsa.no\/oslo\/human-rights\/","title":{"rendered":"Human Rights"},"content":{"rendered":"\n<p>Human Rights-gruppen er ELSA Oslos nyeste satsingsomr\u00e5de!<\/p>\n\n\n\n<p><br>Medlemmene i Human Rights avholder jevnlige m\u00f8ter der de jobber aktivt med spennende menneskerettighetsarbeid. Vi arrangerer blant annet foredrag, paneldebatter, workshops osv. Menneskerettighetsarbeidet fokuseres rundt ett \u00e5rlig tema, som bestemmes av ELSA International. I 2021\/2022 er temaet \u00abPrivacy in the digital age\u00bb. <\/p>\n\n\n\n<p>F\u00f8lg ELSA Oslo p\u00e5 Facebook og Instagram for jevnlige oppdateringer om Human Rights sitt arbeid og v\u00e5re fremtidige arrangementer! Du kan ogs\u00e5 gjerne ta kontakt med VP for Human Rights p\u00e5\u00a0<a href=\"&#109;&#x61;i&#x6c;&#x74;&#111;&#x3a;h&#x75;&#x6d;&#97;&#x6e;r&#x69;&#x67;&#104;&#x74;s&#x2e;&#x6f;&#115;&#x6c;o&#x40;&#x6e;&#111;&#x2e;e&#x6c;&#x73;&#97;&#x2e;o&#x72;&#x67;\" target=\"_blank\" rel=\"noreferrer noopener\"><strong>&#x68;&#x75;&#109;&#97;nr&#x69;&#x67;&#x68;&#116;s&#46;&#x6f;&#x73;&#x6c;&#111;&#64;n&#x6f;&#x2e;&#x65;&#108;&#115;a&#x2e;&#x6f;&#x72;&#103;<\/strong><\/a>\u00a0for mer informasjon!<\/p>\n","protected":false},"excerpt":{"rendered":"<p>Human Rights-gruppen er ELSA Oslos nyeste satsingsomr\u00e5de! Medlemmene i Human Rights avholder jevnlige m\u00f8ter der de jobber aktivt med spennende menneskerettighetsarbeid. Vi arrangerer blant annet foredrag, paneldebatter, workshops osv. Menneskerettighetsarbeidet fokuseres rundt ett \u00e5rlig tema, som bestemmes av ELSA International. I 2021\/2022 er temaet \u00abPrivacy in the digital age\u00bb. F\u00f8lg ELSA Oslo p\u00e5 Facebook og [&hellip;]<\/p>\n","protected":false},"author":13,"featured_media":0,"parent":0,"menu_order":0,"comment_status":"closed","ping_status":"closed","template":"","meta":{"jetpack_post_was_ever_published":false,"footnotes":""},"class_list":["post-2966","page","type-page","status-publish","hentry"],"jetpack_sharing_enabled":true,"jetpack_shortlink":"https:\/\/wp.me\/P7PccC-LQ","jetpack-related-posts":[],"_links":{"self":[{"href":"https:\/\/elsa.no\/oslo\/wp-json\/wp\/v2\/pages\/2966","targetHints":{"allow":["GET"]}}],"collection":[{"href":"https:\/\/elsa.no\/oslo\/wp-json\/wp\/v2\/pages"}],"about":[{"href":"https:\/\/elsa.no\/oslo\/wp-json\/wp\/v2\/types\/page"}],"author":[{"embeddable":true,"href":"https:\/\/elsa.no\/oslo\/wp-json\/wp\/v2\/users\/13"}],"replies":[{"embeddable":true,"href":"https:\/\/elsa.no\/oslo\/wp-json\/wp\/v2\/comments?post=2966"}],"version-history":[{"count":4,"href":"https:\/\/elsa.no\/oslo\/wp-json\/wp\/v2\/pages\/2966\/revisions"}],"predecessor-version":[{"id":2998,"href":"https:\/\/elsa.no\/oslo\/wp-json\/wp\/v2\/pages\/2966\/revisions\/2998"}],"wp:attachment":[{"href":"https:\/\/elsa.no\/oslo\/wp-json\/wp\/v2\/media?parent=2966"}],"curies":[{"name":"wp","href":"https:\/\/api.w.org\/{rel}","templated":true}]}}