{"id":704,"date":"2014-11-11T09:43:15","date_gmt":"2014-11-11T08:43:15","guid":{"rendered":"http:\/\/elsa.no\/bergen\/?page_id=704"},"modified":"2022-04-28T16:31:00","modified_gmt":"2022-04-28T14:31:00","slug":"arbeidslivsdagene-ald","status":"publish","type":"page","link":"https:\/\/elsa.no\/bergen\/arbeidslivsdagene-ald\/","title":{"rendered":"Arbeidslivsdagene (ALD)"},"content":{"rendered":"<p>ELSA Bergen arrangerer i samarbeid med Juristforeningen \u00e5rlig Arbeidslivsdagene (ALD) for studenter ved Det juridiske fakultet. Arbeidslivsdagene er en unik mulighet for studentene til \u00e5 f\u00e5 et bredere innsyn i hvordan livet er som jurist og hvilke muligheter man har. Form\u00e5let med arrangementet er \u00e5 redusere avstanden mellom b\u00e5de arbeidsgivere og studenter, og mellom arbeidslivet og studenthverdagen.<\/p>\n<p>I 2021 ble Arbeidslivsdagene avholdt digitalt med rundt 60 deltakende akt\u00f8rer- offentlige, private og frivillige. I underkant av 700 studenter p\u00e5 Dragefjellet deltok p\u00e5 messedagen. I l\u00f8pet dagen ble 600 chatsamtaler etablert, videosamtaler ble gjennomf\u00f8rt og digitale bedriftspresentasjoner ble avholdt med rekordh\u00f8ye deltakerantall. I l\u00f8pet av dagene arrangementet avholdes vil det v\u00e6re mulighet til \u00e5 g\u00e5 p\u00e5 bedriftspresentasjoner for b\u00e5de offentlige og private akt\u00f8rer. Videre vil akt\u00f8rene v\u00e6re tilgjengelige i Vrimle og kantinen for \u00e5 svare p\u00e5 sp\u00f8rsm\u00e5l. Noen akt\u00f8rer tar ogs\u00e5 i mot s\u00f8knader og avholder intervjurunder for \u00e5 finne aktuelle kandidater til sine traineestillinger.<\/p>\n<p>For mer informasjon om Arbeidslivsdagene, sjekk arrangementets <a href=\"http:\/\/www.arbeidslivsdagene.com\">nettside<\/a>,\u00a0<a href=\"https:\/\/www.facebook.com\/arbeidslivsdagene\/\" target=\"_blank\" rel=\"noopener\">Facebook-side<\/a> eller ta kontakt med ELSAs nestleder i ALD, Ine Norwie, p\u00e5 <a href=\"&#109;&#x61;&#x69;&#108;&#x74;&#x6f;&#58;&#x61;&#x6c;&#100;&#x2e;&#x62;&#101;&#x72;&#x67;&#101;&#x6e;&#x40;&#110;&#x6f;&#x2e;&#101;&#x6c;&#x73;&#97;&#x2e;&#x6f;r&#x67;\" target=\"_blank\" rel=\"noopener\">&#x61;&#108;d&#x2e;&#98;&#101;&#x72;&#x67;&#101;n&#x40;&#110;o&#x2e;&#x65;&#108;s&#x61;&#46;o&#x72;&#x67;<\/a>.<\/p>\n<div><\/div>\n<div style=\"color: #3e454c\"><\/div>\n<div class=\"_59go\"><\/div>\n<div class=\"_5wdd clearfix _5h9y\" style=\"color: #3e454c\">\n<div class=\"_59go\"><\/div>\n<div class=\"_59go\"><a href=\"https:\/\/elsa.no\/bergen\/files\/2014\/11\/12009756_940886765979099_8182088656635078953_n.jpg\"><img loading=\"lazy\" decoding=\"async\" class=\"wp-image-866 size-full aligncenter\" src=\"https:\/\/elsa.no\/bergen\/files\/2014\/11\/12009756_940886765979099_8182088656635078953_n.jpg\" alt=\"ALD\" width=\"851\" height=\"315\" srcset=\"https:\/\/elsa.no\/bergen\/files\/2014\/11\/12009756_940886765979099_8182088656635078953_n.jpg 851w, https:\/\/elsa.no\/bergen\/files\/2014\/11\/12009756_940886765979099_8182088656635078953_n-300x111.jpg 300w, https:\/\/elsa.no\/bergen\/files\/2014\/11\/12009756_940886765979099_8182088656635078953_n-210x78.jpg 210w\" sizes=\"auto, (max-width: 851px) 100vw, 851px\" \/><\/a><\/div>\n<\/div>\n","protected":false},"excerpt":{"rendered":"<p>ELSA Bergen arrangerer i samarbeid med Juristforeningen \u00e5rlig Arbeidslivsdagene (ALD) for studenter ved Det juridiske fakultet. Arbeidslivsdagene er en unik mulighet for studentene til \u00e5 f\u00e5 et bredere innsyn i hvordan livet er som jurist og hvilke muligheter man har. Form\u00e5let med arrangementet er \u00e5 redusere avstanden mellom b\u00e5de arbeidsgivere og studenter, og mellom arbeidslivet [&hellip;]<\/p>\n","protected":false},"author":12,"featured_media":0,"parent":0,"menu_order":0,"comment_status":"closed","ping_status":"closed","template":"","meta":{"footnotes":""},"class_list":["post-704","page","type-page","status-publish","hentry"],"_links":{"self":[{"href":"https:\/\/elsa.no\/bergen\/wp-json\/wp\/v2\/pages\/704","targetHints":{"allow":["GET"]}}],"collection":[{"href":"https:\/\/elsa.no\/bergen\/wp-json\/wp\/v2\/pages"}],"about":[{"href":"https:\/\/elsa.no\/bergen\/wp-json\/wp\/v2\/types\/page"}],"author":[{"embeddable":true,"href":"https:\/\/elsa.no\/bergen\/wp-json\/wp\/v2\/users\/12"}],"replies":[{"embeddable":true,"href":"https:\/\/elsa.no\/bergen\/wp-json\/wp\/v2\/comments?post=704"}],"version-history":[{"count":18,"href":"https:\/\/elsa.no\/bergen\/wp-json\/wp\/v2\/pages\/704\/revisions"}],"predecessor-version":[{"id":4560,"href":"https:\/\/elsa.no\/bergen\/wp-json\/wp\/v2\/pages\/704\/revisions\/4560"}],"wp:attachment":[{"href":"https:\/\/elsa.no\/bergen\/wp-json\/wp\/v2\/media?parent=704"}],"curies":[{"name":"wp","href":"https:\/\/api.w.org\/{rel}","templated":true}]}}

<p>ELSA Bergen arrangerer i samarbeid med Juristforeningen årlig Arbeidslivsdagene (ALD) for studenter ved Det juridiske fakultet. Arbeidslivsdagene er en unik mulighet for studentene til å få et bredere innsyn i hvordan livet er som jurist og hvilke muligheter man har. Formålet med arrangementet er å redusere avstanden mellom både arbeidsgivere og studenter, og mellom arbeidslivet og studenthverdagen.</p>
<p>I 2021 ble Arbeidslivsdagene avholdt digitalt med rundt 60 deltakende aktører- offentlige, private og frivillige. I underkant av 700 studenter på Dragefjellet deltok på messedagen. I løpet dagen ble 600 chatsamtaler etablert, videosamtaler ble gjennomført og digitale bedriftspresentasjoner ble avholdt med rekordhøye deltakerantall. I løpet av dagene arrangementet avholdes vil det være mulighet til å gå på bedriftspresentasjoner for både offentlige og private aktører. Videre vil aktørene være tilgjengelige i Vrimle og kantinen for å svare på spørsmål. Noen aktører tar også i mot søknader og avholder intervjurunder for å finne aktuelle kandidater til sine traineestillinger.</p>
<p>For mer informasjon om Arbeidslivsdagene, sjekk arrangementets <a href="http://www.arbeidslivsdagene.com">nettside</a>, <a href="https://www.facebook.com/arbeidslivsdagene/" target="_blank" rel="noopener">Facebook-side</a> eller ta kontakt med ELSAs nestleder i ALD, Ine Norwie, på <a href="&#109;&#x61;&#x69;&#108;&#x74;&#x6f;&#58;&#x61;&#x6c;&#100;&#x2e;&#x62;&#101;&#x72;&#x67;&#101;&#x6e;&#x40;&#110;&#x6f;&#x2e;&#101;&#x6c;&#x73;&#97;&#x2e;&#x6f;r&#x67;" target="_blank" rel="noopener">&#x61;&#108;d&#x2e;&#98;&#101;&#x72;&#x67;&#101;n&#x40;&#110;o&#x2e;&#x65;&#108;s&#x61;&#46;o&#x72;&#x67;</a>.</p>
<div></div>
<div style="color: #3e454c"></div>
<div class="_59go"></div>
<div class="_5wdd clearfix _5h9y" style="color: #3e454c">
<div class="_59go"></div>
<div class="_59go"><a href="https://elsa.no/bergen/files/2014/11/12009756_940886765979099_8182088656635078953_n.jpg"><img loading="lazy" decoding="async" class="wp-image-866 size-full aligncenter" src="https://elsa.no/bergen/files/2014/11/12009756_940886765979099_8182088656635078953_n.jpg" alt="ALD" width="851" height="315" srcset="https://elsa.no/bergen/files/2014/11/12009756_940886765979099_8182088656635078953_n.jpg 851w, https://elsa.no/bergen/files/2014/11/12009756_940886765979099_8182088656635078953_n-300x111.jpg 300w, https://elsa.no/bergen/files/2014/11/12009756_940886765979099_8182088656635078953_n-210x78.jpg 210w" sizes="auto, (max-width: 851px) 100vw, 851px" /></a></div>
</div>

<p>ELSA Bergen arrangerer i samarbeid med Juristforeningen årlig Arbeidslivsdagene (ALD) for studenter ved Det juridiske fakultet. Arbeidslivsdagene er en unik mulighet for studentene til å få et bredere innsyn i hvordan livet er som jurist og hvilke muligheter man har. Formålet med arrangementet er å redusere avstanden mellom både arbeidsgivere og studenter, og mellom arbeidslivet [&hellip;]</p>
