{"id":4643,"date":"2022-08-23T21:19:18","date_gmt":"2022-08-23T19:19:18","guid":{"rendered":"https:\/\/elsa.no\/bergen\/?page_id=4643"},"modified":"2022-08-23T21:19:47","modified_gmt":"2022-08-23T19:19:47","slug":"samarbeidsgruppe-med-raftostiftelsen","status":"publish","type":"page","link":"https:\/\/elsa.no\/bergen\/competitions\/academic-activities-aa\/samarbeidsgruppe-med-raftostiftelsen\/","title":{"rendered":"Samarbeidsgruppe med Raftostiftelsen"},"content":{"rendered":"\n<p>Raftostiftelsen deler hvert \u00e5r ut den internasjonalt anerkjente Raftoprisen, som g\u00e5r til personer eller organisasjoner som har kjempet for menneskerettigheter ulike steder i verden. ELSA Human Rights samarbeider med Raftostiftelsen, og promoterer deres viktige arbeid for studenter p\u00e5 Det juridiske fakultet i Bergen.<\/p>\n\n\n\n<p>Se ELSA Bergen p\u00e5 Facebook og ELSA Human Rights sin egen instagramkonto elsahumanrights.bergen for jevnlige oppdateringer om Human Rights sitt arbeid og fremtidige arrangementer.<\/p>\n\n\n\n<p>F\u00f8lg ogs\u00e5 Rafto Foundation for Human Rights p\u00e5 Facebook og raftofoundation p\u00e5 Instagram for jevnlige oppdateringer p\u00e5 Raftostiftelsen og \u00e5rets prisvinner(e).<\/p>\n\n\n\n<div style=\"height:50px\" aria-hidden=\"true\" class=\"wp-block-spacer\"><\/div>\n\n\n\n<p><em>English version<\/em><\/p>\n\n\n\n<p>Every year, the Rafto Foundation awards the internationally recognized Rafto Prize to individuals or organizations that have fought for human rights in various parts of the world. ELSA Human Rights collaborates with the Rafto Foundation, and promotes their important work for students at the Faculty of Law in Bergen.<\/p>\n\n\n\n<p>See ELSA Bergen on Facebook and ELSA Human Rights\u2019 own Instagram account elsahumanrights.bergen for regular updates on ELSA Human Rights\u2019 work and future events.<\/p>\n\n\n\n<p>Also follow the Rafto Foundation for Human Rights on Facebook and raftofoundation on Instagram for regular updates on the Rafto Foundation and this year\u2019s award winner(s).<\/p>\n","protected":false},"excerpt":{"rendered":"<p>Raftostiftelsen deler hvert \u00e5r ut den internasjonalt anerkjente Raftoprisen, som g\u00e5r til personer eller organisasjoner som har kjempet for menneskerettigheter ulike steder i verden. ELSA Human Rights samarbeider med Raftostiftelsen, og promoterer deres viktige arbeid for studenter p\u00e5 Det juridiske fakultet i Bergen. Se ELSA Bergen p\u00e5 Facebook og ELSA Human Rights sin egen instagramkonto [&hellip;]<\/p>\n","protected":false},"author":12,"featured_media":0,"parent":4238,"menu_order":0,"comment_status":"closed","ping_status":"closed","template":"","meta":{"footnotes":""},"class_list":["post-4643","page","type-page","status-publish","hentry"],"_links":{"self":[{"href":"https:\/\/elsa.no\/bergen\/wp-json\/wp\/v2\/pages\/4643","targetHints":{"allow":["GET"]}}],"collection":[{"href":"https:\/\/elsa.no\/bergen\/wp-json\/wp\/v2\/pages"}],"about":[{"href":"https:\/\/elsa.no\/bergen\/wp-json\/wp\/v2\/types\/page"}],"author":[{"embeddable":true,"href":"https:\/\/elsa.no\/bergen\/wp-json\/wp\/v2\/users\/12"}],"replies":[{"embeddable":true,"href":"https:\/\/elsa.no\/bergen\/wp-json\/wp\/v2\/comments?post=4643"}],"version-history":[{"count":1,"href":"https:\/\/elsa.no\/bergen\/wp-json\/wp\/v2\/pages\/4643\/revisions"}],"predecessor-version":[{"id":4644,"href":"https:\/\/elsa.no\/bergen\/wp-json\/wp\/v2\/pages\/4643\/revisions\/4644"}],"up":[{"embeddable":true,"href":"https:\/\/elsa.no\/bergen\/wp-json\/wp\/v2\/pages\/4238"}],"wp:attachment":[{"href":"https:\/\/elsa.no\/bergen\/wp-json\/wp\/v2\/media?parent=4643"}],"curies":[{"name":"wp","href":"https:\/\/api.w.org\/{rel}","templated":true}]}}