{"id":4638,"date":"2022-08-23T21:15:29","date_gmt":"2022-08-23T19:15:29","guid":{"rendered":"https:\/\/elsa.no\/bergen\/?page_id=4638"},"modified":"2022-08-23T21:16:50","modified_gmt":"2022-08-23T19:16:50","slug":"arrangementsgruppen","status":"publish","type":"page","link":"https:\/\/elsa.no\/bergen\/competitions\/academic-activities-aa\/arrangementsgruppen\/","title":{"rendered":"Arrangementsgruppen"},"content":{"rendered":"\n<p>Arrangementsgruppen jobber med \u00e5 avholde foredrag, paneldebatter, workshops, kurs, og liknende.<\/p>\n\n\n\n<p>De har ogs\u00e5 ansvar for \u00e5 arrangere den \u00e5rlige ELSA Day som avholdes siste onsdag i november, og som er en dag fullspekket med menneskerettighetsarrangementer og som blir avholdt av alle ELSAs lokalgrupper i Europa.<\/p>\n\n\n\n<p>Arrangementsgruppen arrangerer ogs\u00e5 menneskerettighetsquizer og turer til retten der det prosederes p\u00e5 menneskerettighetsbrudd.<\/p>\n\n\n\n<p>Gruppen samarbeider i tillegg med Helsesenteret for papirl\u00f8se migranter og Mennesker i Limbo (MiL) i Bergen for \u00e5 belyse papirl\u00f8se migranter sine manglende rettigheter i Norge.<\/p>\n\n\n\n<p>Se ELSA Bergen p\u00e5 facebook og ELSA Human Rights sin egen instagramkonto elsahumanrights.bergen for jevnlige oppdateringer om Human Rights sitt arbeid og fremtidige arrangementer.@<\/p>\n\n\n\n<div style=\"height:50px\" aria-hidden=\"true\" class=\"wp-block-spacer\"><\/div>\n\n\n\n<p><em>English version<\/em><\/p>\n\n\n\n<p>The Arranging Committee works on arranging lectures, panel debates, workshops, courses, etc.<\/p>\n\n\n\n<p>They are also responsible for organizing the annual ELSA Day, which is held on the last Wednesday in November, and is a day packed with human rights events held by all ELSA local groups in Europe.<\/p>\n\n\n\n<p>The Arranging Committee also holds human rights quizzes and organizes trips to courts where human rights violations are being prosecuted.<\/p>\n\n\n\n<p>The group also collaborates with the Health Center for undocumented migrants and People in Limbo (MiL) in Bergen to shed light on undocumented migrants\u2019 rights in Norway.<\/p>\n\n\n\n<p>See ELSA Bergen on Facebook and ELSA Human Rights\u2019 own Instagram account elsahumanrights.bergen for regular updates on ELSA Human Rights\u2019 work and future events.<\/p>\n","protected":false},"excerpt":{"rendered":"<p>Arrangementsgruppen jobber med \u00e5 avholde foredrag, paneldebatter, workshops, kurs, og liknende. De har ogs\u00e5 ansvar for \u00e5 arrangere den \u00e5rlige ELSA Day som avholdes siste onsdag i november, og som er en dag fullspekket med menneskerettighetsarrangementer og som blir avholdt av alle ELSAs lokalgrupper i Europa. Arrangementsgruppen arrangerer ogs\u00e5 menneskerettighetsquizer og turer til retten der [&hellip;]<\/p>\n","protected":false},"author":12,"featured_media":0,"parent":4238,"menu_order":0,"comment_status":"closed","ping_status":"closed","template":"","meta":{"footnotes":""},"class_list":["post-4638","page","type-page","status-publish","hentry"],"_links":{"self":[{"href":"https:\/\/elsa.no\/bergen\/wp-json\/wp\/v2\/pages\/4638","targetHints":{"allow":["GET"]}}],"collection":[{"href":"https:\/\/elsa.no\/bergen\/wp-json\/wp\/v2\/pages"}],"about":[{"href":"https:\/\/elsa.no\/bergen\/wp-json\/wp\/v2\/types\/page"}],"author":[{"embeddable":true,"href":"https:\/\/elsa.no\/bergen\/wp-json\/wp\/v2\/users\/12"}],"replies":[{"embeddable":true,"href":"https:\/\/elsa.no\/bergen\/wp-json\/wp\/v2\/comments?post=4638"}],"version-history":[{"count":1,"href":"https:\/\/elsa.no\/bergen\/wp-json\/wp\/v2\/pages\/4638\/revisions"}],"predecessor-version":[{"id":4639,"href":"https:\/\/elsa.no\/bergen\/wp-json\/wp\/v2\/pages\/4638\/revisions\/4639"}],"up":[{"embeddable":true,"href":"https:\/\/elsa.no\/bergen\/wp-json\/wp\/v2\/pages\/4238"}],"wp:attachment":[{"href":"https:\/\/elsa.no\/bergen\/wp-json\/wp\/v2\/media?parent=4638"}],"curies":[{"name":"wp","href":"https:\/\/api.w.org\/{rel}","templated":true}]}}