{"id":30,"date":"2012-08-07T21:28:57","date_gmt":"2012-08-07T19:28:57","guid":{"rendered":"http:\/\/elsa.no\/bergen\/?page_id=30"},"modified":"2022-05-04T12:46:25","modified_gmt":"2022-05-04T10:46:25","slug":"sc","status":"publish","type":"page","link":"https:\/\/elsa.no\/bergen\/sc\/","title":{"rendered":"Seminar og Conferences (S&amp;C)"},"content":{"rendered":"<h3>Seminar and Conferences (S&amp;C)<\/h3>\n<p>Seminar &amp; Conferences er et av ELSAs kjerneomr\u00e5der, og best\u00e5r av sosiale og faglige aktiviteter p\u00e5 et lokalt, nasjonalt og internasjonalt plan. Felles for aktivitetene er at de skal fremme faglige og multikulturelle ferdigheter hos jusstudentene. I tillegg skal aktivitetene gi studentene mulighet til \u00e5 diskutere og l\u00e6re om ulike juridiske emner som ikke n\u00f8dvendigvis tilbys p\u00e5 universitetet.<\/p>\n<p>S&amp;C har av fire hovedomr\u00e5der: Seminar- og aktueltgruppen (S&amp;A), studieturgruppene, Go International og Legal English.<\/p>\n<p><a href=\"https:\/\/elsa.no\/bergen\/sa\/\"><strong>Seminar- og aktueltgruppen (S&amp;A)<\/strong><\/a><br \/>\nS&amp;A arrangerer aktuelle og faglige foredrag, seminarer og kurs. Arrangementene er \u00e5pne for studenter ved det juridiske fakultetet og andre interesserte.<\/p>\n<p><a href=\"https:\/\/elsa.no\/bergen\/studieturer\/\"><strong>Studieturgruppene<\/strong><\/a><br \/>\nBest\u00e5r av to grupper. Den ene arrangerer stor studietur som planlegges utenfor europa. Og den andre gruppen har ansvar for \u00e5 arrangerer en mindre tur innad i europa. Studieturene er \u00e5pne for alle jusstudenter i Bergen.<\/p>\n<p><a href=\"https:\/\/elsa.no\/bergen\/go-international\/\"><strong>Go International<\/strong><\/a><br \/>\nGjennom Go International-initiativet gir S&amp;C aktive ELSA-medlemmer muligheten til \u00e5 reise som delegat p\u00e5 konferanser i FN og andre organisasjoner, i tillegg til muligheten til \u00e5 dra p\u00e5 ELSA Law Schools. Du finner ogs\u00e5 en litt eldre, men utfyllende artikkel <a href=\"https:\/\/elsa.no\/bergen\/sc\/human-rights\/\"><strong>her<\/strong><\/a>.<\/p>\n<p><a href=\"https:\/\/elsa.no\/bergen\/sa\/sc-legal-english-test\/\"><strong>Legal English<\/strong><\/a><br \/>\nLegal English er et kurs som ELSA Bergen arrangerer \u00e5rlig. Form\u00e5let med kurset er \u00e5 gi en grunnleggende innf\u00f8ring i juridisk engelsk. Alle deltakere mottar et kursbevis som kan legges ved CV\u2019en, betinget av fullt oppm\u00f8te begge dager. Det kreves ingen spesielle forkunnskaper innen juridisk engelsk for \u00e5 delta. Kurset er beregnet for studenter p\u00e5 alle avdelinger.<\/p>\n<p>Bli med!<\/p>\n<p>Hvis du er interessert i \u00e5 bli med i S&amp;C, har sp\u00f8rsm\u00e5l om v\u00e5re arrangementer eller om mulighetene for \u00e5 reise som delegat eller p\u00e5 Law Schools, ta kontakt med VP S&amp;C Emilie Franssen p\u00e5 &#115;&#x65;&#x6d;i&#110;&#x61;r&#115;&#x63;&#x6f;&#110;&#x66;&#x65;r&#101;&#x6e;c&#101;&#x73;&#x2e;&#98;&#x65;&#x72;g&#101;&#x6e;&#64;&#110;&#x6f;&#x2e;&#101;&#x6c;&#x73;a&#46;&#x6f;r&#103;. For l\u00f8pende oppdateringer om alle S&amp;Cs arrangementer, se <strong><a href=\"https:\/\/www.facebook.com\/ELSABergenNorway\/\">ELSA Bergens Facebook-side<\/a><\/strong>.<\/p>\n<h3><\/h3>\n<h3>[ENGLISH] Seminar and Conferences (S&amp;C)<\/h3>\n<p>Seminar &amp; Conferences is one of ELSA&#8217;s core areas, and consists of social and professional activities at a local, national and international level. The activities should promote academic and multicultural skills among law students. In addition, the activities will give students the opportunity to discuss and learn about various legal topics that are not necessarily offered at the university.<\/p>\n<p>S&amp;C has four main areas: the Seminar and Current Affairs Group (S&amp;A), the study tour groups, Go international and Legal English.<\/p>\n<p><a href=\"https:\/\/elsa.no\/bergen\/sa\/\"><strong>Seminar and Current Affairs Group (S&amp;A)<\/strong><\/a><br \/>\nS&amp;A arranges current and professional lectures, seminars, and courses. The events are open to students at the Faculty of Law and other interested parties.<\/p>\n<p><a href=\"https:\/\/elsa.no\/bergen\/studieturer\/\"><strong>The Study Trip Groups<\/strong><\/a><br \/>\nThis group consists of two groups. One arranges a large study trip that takes place outside Europe. And the other group is responsible for arranging a small trip within Europe. The study tours are open to all law students in Bergen.<\/p>\n<p><a href=\"https:\/\/elsa.no\/bergen\/go-international\/\"><strong>Go International<\/strong><\/a><br \/>\nThrough the Go International project, S&amp;C also gives active ELSA members the opportunity to travel as delegates at conferences in the UN and other organizations, in addition to the opportunity to attend ELSA Law Schools.<br \/>\nYou will also find a slightly older but complementary article <a href=\"https:\/\/elsa.no\/bergen\/2013\/10\/12\/hva-er-delegations\/\">here<\/a>.<\/p>\n<p><a href=\"https:\/\/elsa.no\/bergen\/sa\/sc-legal-english-test\/\"><strong>Legal English<\/strong><\/a><br \/>\nLegal English is a course that ELSA Bergen arranges annually. The purpose of the course is to provide a basic introduction to legal English. All participants receive a course certificate that can be attached to the CV, subject to full attendance both days. No special prior knowledge of legal English is required to participate. The course is intended for students in all departments.<\/p>\n<p>If you are interested in joining S&amp;C, have questions about our events or about the opportunities to travel as a delegate or at Law Schools, contact VP S&amp;C Emilie Franssen at &#x73;&#x65;&#x6d;&#x69;&#110;&#97;&#114;&#115;con&#x66;&#x65;&#x72;&#x65;&#x6e;&#99;&#101;&#115;&#46;be&#x72;&#x67;&#x65;&#x6e;&#x40;&#110;&#111;&#46;els&#x61;&#x2e;&#x6f;&#x72;&#x67;. For ongoing updates on all S &amp; C&#8217;s events, see <strong><a href=\"https:\/\/www.facebook.com\/ELSABergenNorway\/\">ELSA Bergen&#8217;s Facebook page<\/a><\/strong>.<\/p>\n","protected":false},"excerpt":{"rendered":"<p>Seminar and Conferences (S&amp;C) Seminar &amp; Conferences er et av ELSAs kjerneomr\u00e5der, og best\u00e5r av sosiale og faglige aktiviteter p\u00e5 et lokalt, nasjonalt og internasjonalt plan. Felles for aktivitetene er at de skal fremme faglige og multikulturelle ferdigheter hos jusstudentene. I tillegg skal aktivitetene gi studentene mulighet til \u00e5 diskutere og l\u00e6re om ulike juridiske [&hellip;]<\/p>\n","protected":false},"author":1,"featured_media":0,"parent":0,"menu_order":0,"comment_status":"closed","ping_status":"closed","template":"","meta":{"footnotes":""},"class_list":["post-30","page","type-page","status-publish","hentry"],"_links":{"self":[{"href":"https:\/\/elsa.no\/bergen\/wp-json\/wp\/v2\/pages\/30","targetHints":{"allow":["GET"]}}],"collection":[{"href":"https:\/\/elsa.no\/bergen\/wp-json\/wp\/v2\/pages"}],"about":[{"href":"https:\/\/elsa.no\/bergen\/wp-json\/wp\/v2\/types\/page"}],"author":[{"embeddable":true,"href":"https:\/\/elsa.no\/bergen\/wp-json\/wp\/v2\/users\/1"}],"replies":[{"embeddable":true,"href":"https:\/\/elsa.no\/bergen\/wp-json\/wp\/v2\/comments?post=30"}],"version-history":[{"count":51,"href":"https:\/\/elsa.no\/bergen\/wp-json\/wp\/v2\/pages\/30\/revisions"}],"predecessor-version":[{"id":4576,"href":"https:\/\/elsa.no\/bergen\/wp-json\/wp\/v2\/pages\/30\/revisions\/4576"}],"wp:attachment":[{"href":"https:\/\/elsa.no\/bergen\/wp-json\/wp\/v2\/media?parent=30"}],"curies":[{"name":"wp","href":"https:\/\/api.w.org\/{rel}","templated":true}]}}