{"id":29,"date":"2012-08-07T21:29:49","date_gmt":"2012-08-07T19:29:49","guid":{"rendered":"http:\/\/elsa.no\/bergen\/?page_id=29"},"modified":"2024-11-02T17:15:41","modified_gmt":"2024-11-02T16:15:41","slug":"competitions","status":"publish","type":"page","link":"https:\/\/elsa.no\/bergen\/competitions\/","title":{"rendered":"Competitions"},"content":{"rendered":"<h4><strong>Competitions<\/strong><\/h4>\n<p>Competitions er en av fire keyareas i ELSA. Hovedm\u00e5let er \u00e5 gi studentene kunnskap og erfaring som ikke blir fokusert p\u00e5 under studiet gjennom praktiske prosjekter og akademiske konkurranser. For eksempel som deltagere i prosedyrekonkurranser, forskningsprosjekter og liknende.<\/p>\n<p>I Bergen ligger hovedfokuset p\u00e5 den <a href=\"https:\/\/elsa.no\/bergen\/aa\/prosedyrekonkurranse\/\">lokale prosedyrekonkurransen<\/a> som arrangeres hver h\u00f8st. Denne g\u00e5r over tre runder; en skriftlig innledende runde, og to muntlige runder foran et dommerpanel. Her f\u00e5r deltagerne utviklet og pr\u00f8vd sine overbevisningsevner- og juridiske kompetanse.<\/p>\n<p>P\u00e5 v\u00e5rsemesteret arrangeres <a href=\"https:\/\/elsa.no\/bergen\/forhandlingskonkurransen\/\">Forhandlingskonkurransen<\/a> av den lokale Competitions-gruppen. Dette er en konkurranse hvor fokuset ligger p\u00e5 forhandlingene som foreg\u00e5r f\u00f8r partene ender opp i en rettssal. Konkurransen skal gi studentene kunnskap som ikke formidles p\u00e5 fakultetet, og er derfor \u00e5pen for studenter p\u00e5 alle \u00e5rstrinn.<\/p>\n<p>Dersom dette h\u00f8res interessant ut eller du har noen sp\u00f8rsm\u00e5l, er det bare \u00e5 ta kontakt med Vice President in charge of Competitions. Du er hjertelig velkommen!<\/p>\n","protected":false},"excerpt":{"rendered":"<p>Competitions Competitions er en av fire keyareas i ELSA. Hovedm\u00e5let er \u00e5 gi studentene kunnskap og erfaring som ikke blir fokusert p\u00e5 under studiet gjennom praktiske prosjekter og akademiske konkurranser. For eksempel som deltagere i prosedyrekonkurranser, forskningsprosjekter og liknende. I Bergen ligger hovedfokuset p\u00e5 den lokale prosedyrekonkurransen som arrangeres hver h\u00f8st. Denne g\u00e5r over tre [&hellip;]<\/p>\n","protected":false},"author":1,"featured_media":0,"parent":0,"menu_order":0,"comment_status":"closed","ping_status":"closed","template":"","meta":{"footnotes":""},"class_list":["post-29","page","type-page","status-publish","hentry"],"_links":{"self":[{"href":"https:\/\/elsa.no\/bergen\/wp-json\/wp\/v2\/pages\/29","targetHints":{"allow":["GET"]}}],"collection":[{"href":"https:\/\/elsa.no\/bergen\/wp-json\/wp\/v2\/pages"}],"about":[{"href":"https:\/\/elsa.no\/bergen\/wp-json\/wp\/v2\/types\/page"}],"author":[{"embeddable":true,"href":"https:\/\/elsa.no\/bergen\/wp-json\/wp\/v2\/users\/1"}],"replies":[{"embeddable":true,"href":"https:\/\/elsa.no\/bergen\/wp-json\/wp\/v2\/comments?post=29"}],"version-history":[{"count":16,"href":"https:\/\/elsa.no\/bergen\/wp-json\/wp\/v2\/pages\/29\/revisions"}],"predecessor-version":[{"id":4870,"href":"https:\/\/elsa.no\/bergen\/wp-json\/wp\/v2\/pages\/29\/revisions\/4870"}],"wp:attachment":[{"href":"https:\/\/elsa.no\/bergen\/wp-json\/wp\/v2\/media?parent=29"}],"curies":[{"name":"wp","href":"https:\/\/api.w.org\/{rel}","templated":true}]}}