{"id":27,"date":"2012-08-07T21:27:56","date_gmt":"2012-08-07T19:27:56","guid":{"rendered":"http:\/\/elsa.no\/bergen\/?page_id=27"},"modified":"2024-11-11T13:01:12","modified_gmt":"2024-11-11T12:01:12","slug":"aktiviteter","status":"publish","type":"page","link":"https:\/\/elsa.no\/bergen\/aktiviteter\/","title":{"rendered":"Aktiviteter"},"content":{"rendered":"\n<h2 class=\"has-text-align-left has-white-color has-text-color has-background has-large-font-size wp-block-heading\" style=\"background-color:#0a3087;margin-top:var(--wp--preset--spacing--30);margin-right:var(--wp--preset--spacing--30);margin-bottom:var(--wp--preset--spacing--30);margin-left:var(--wp--preset--spacing--30);font-style:normal;font-weight:500;text-transform:none\">Muligheter i ELSA Bergen<\/h2>\n\n\n<p>\u00a0<\/p>\n<p>ELSA Bergen har mange ulike aktiviteter og flere undergrupper. V\u00e5re Key Areas best\u00e5r av: Competitions, Seminar &amp; Conferences (S&amp;C), Professional Development (PD) og Academic Activities (AA). I tillegg har vi andre grupper som Arbeidslivsdagene (ALD) og Social. V\u00e5re undergrupper arrangerer blant annet prosedyre- og forhandlingskonkurranser, studieturer, bedriftsbes\u00f8k, kurs, dagsaktuelle foredrag, formidler traineeships og gir deg mulighet til \u00e5 bli kjent med utvekslingsstudentene ved fakultetet i Bergen.<\/p>\n<p>\u00a0<\/p>\n<p>Klikk deg inn p\u00e5 sidene under for mer informasjon om et lite utvalg av v\u00e5re aktiviteter:<\/p>\n<p>\u00a0<\/p>\n<p><strong><a href=\"https:\/\/elsa.no\/bergen\/competitions\/\" rel=\"noopener\">Competitions<\/a><\/strong><\/p>\n<p><strong><a href=\"https:\/\/elsa.no\/bergen\/sc\/\" rel=\"noopener\">Seminar og Conferences (S&amp;C)<\/a><\/strong><\/p>\n<p><strong><a href=\"https:\/\/elsa.no\/bergen\/pd\/\">Professional Development (PD)<\/a><\/strong><\/p>\n<p><strong><a href=\"https:\/\/elsa.no\/bergen\/competitions\/academic-activities\/\">Academic Activities (AA)<\/a><\/strong><\/p>\n<p><strong><a href=\"https:\/\/elsa.no\/bergen\/arbeidslivsdagene-ald\/\" rel=\"noopener\">Arbeidslivsdagene (ALD)<\/a><\/strong><\/p>","protected":false},"excerpt":{"rendered":"<p>Muligheter i ELSA Bergen \u00a0 ELSA Bergen har mange ulike aktiviteter og flere undergrupper. V\u00e5re Key Areas best\u00e5r av: Competitions, Seminar &amp; Conferences (S&amp;C), Professional Development (PD) og Academic Activities (AA). I tillegg har vi andre grupper som Arbeidslivsdagene (ALD) og Social. V\u00e5re undergrupper arrangerer blant annet prosedyre- og forhandlingskonkurranser, studieturer, bedriftsbes\u00f8k, kurs, dagsaktuelle foredrag, [&hellip;]<\/p>\n","protected":false},"author":1,"featured_media":0,"parent":0,"menu_order":0,"comment_status":"closed","ping_status":"closed","template":"","meta":{"footnotes":""},"class_list":["post-27","page","type-page","status-publish","hentry"],"_links":{"self":[{"href":"https:\/\/elsa.no\/bergen\/wp-json\/wp\/v2\/pages\/27","targetHints":{"allow":["GET"]}}],"collection":[{"href":"https:\/\/elsa.no\/bergen\/wp-json\/wp\/v2\/pages"}],"about":[{"href":"https:\/\/elsa.no\/bergen\/wp-json\/wp\/v2\/types\/page"}],"author":[{"embeddable":true,"href":"https:\/\/elsa.no\/bergen\/wp-json\/wp\/v2\/users\/1"}],"replies":[{"embeddable":true,"href":"https:\/\/elsa.no\/bergen\/wp-json\/wp\/v2\/comments?post=27"}],"version-history":[{"count":19,"href":"https:\/\/elsa.no\/bergen\/wp-json\/wp\/v2\/pages\/27\/revisions"}],"predecessor-version":[{"id":5008,"href":"https:\/\/elsa.no\/bergen\/wp-json\/wp\/v2\/pages\/27\/revisions\/5008"}],"wp:attachment":[{"href":"https:\/\/elsa.no\/bergen\/wp-json\/wp\/v2\/media?parent=27"}],"curies":[{"name":"wp","href":"https:\/\/api.w.org\/{rel}","templated":true}]}}