{"id":2669,"date":"2018-10-02T17:21:05","date_gmt":"2018-10-02T15:21:05","guid":{"rendered":"http:\/\/elsa.no\/bergen\/?page_id=2669"},"modified":"2021-11-24T14:14:56","modified_gmt":"2021-11-24T13:14:56","slug":"sa","status":"publish","type":"page","link":"https:\/\/elsa.no\/bergen\/sa\/","title":{"rendered":"Seminar- og aktueltgruppen (S&amp;A)"},"content":{"rendered":"<div id=\"attachment_2878\" style=\"width: 310px\" class=\"wp-caption alignright\"><img loading=\"lazy\" decoding=\"async\" aria-describedby=\"caption-attachment-2878\" class=\"size-medium wp-image-2878\" src=\"https:\/\/elsa.no\/bergen\/files\/2018\/10\/Seminar-og-aktueltgruppen-300x247.jpg\" alt=\"Seminar- og aktueltgruppen i ELSA Bergen.\" width=\"300\" height=\"247\" srcset=\"https:\/\/elsa.no\/bergen\/files\/2018\/10\/Seminar-og-aktueltgruppen-300x247.jpg 300w, https:\/\/elsa.no\/bergen\/files\/2018\/10\/Seminar-og-aktueltgruppen-768x633.jpg 768w, https:\/\/elsa.no\/bergen\/files\/2018\/10\/Seminar-og-aktueltgruppen-1030x849.jpg 1030w, https:\/\/elsa.no\/bergen\/files\/2018\/10\/Seminar-og-aktueltgruppen-1500x1236.jpg 1500w, https:\/\/elsa.no\/bergen\/files\/2018\/10\/Seminar-og-aktueltgruppen-705x581.jpg 705w, https:\/\/elsa.no\/bergen\/files\/2018\/10\/Seminar-og-aktueltgruppen-450x371.jpg 450w\" sizes=\"auto, (max-width: 300px) 100vw, 300px\" \/><p id=\"caption-attachment-2878\" class=\"wp-caption-text\">Seminar- og aktueltgruppen vil gjerne ha deg med p\u00e5 laget!<\/p><\/div>\n<p><strong>Seminar- og aktueltgruppen<br \/>\n<\/strong>Seminar- og aktueltgruppen er en av undergruppene innenfor Seminar og konferanser (S&amp;C) i ELSA. Gruppen arrangerer alt fra foredrag, seminarer, kurs, bedriftsbes\u00f8k mm. Arrangementene er \u00e5pne for alle studenter og andre interesserte.<\/p>\n<p>Gruppen er \u00e5pen for alle som \u00f8nsker \u00e5 v\u00e6re med p\u00e5 \u00e5 arrangere noe sosialt og faglig relevant ved siden av studiene. Den best\u00e5r av et styre og \u00f8vrige aktive medlemmer. Som jusstudent ved UiB er du automatisk meldt inn som medlem av ELSA og hjertelig velkommen til \u00e5 delta p\u00e5 arrangementer og m\u00f8ter i regi av seminar- og aktueltgruppen.<\/p>\n<p>&nbsp;<\/p>\n<p><strong>Et mangfold av aktiviteter<br \/>\n<\/strong>Seminar- og aktueltgruppen arrangerer flere ulike arrangementer hvert semester, og st\u00e5r i stor grad fri til \u00e5 gjennomf\u00f8re de arrangementene gruppa selv \u00f8nsker. Gruppa inviterer blant annet til eksamensrelaterte foredrag, lunsjseminarer og andre dagsaktuelle arrangementer for studentene. Tidligere har man ogs\u00e5 arrangert foredrag om menneskerettigheter med Jan Fridthjof Bernt, foredrag om oljekrisen, foredrag med tidligere statssekret\u00e6r Elsbeth Tronstad fra UD, foredrag med Gaza-lege Erik Fosse og debatt om E\u00d8S med Jonas Gahr St\u00f8re. Det er ogs\u00e5 blitt arrangert bedriftsbes\u00f8k til Politiet og Bergen Tingrett.<\/p>\n<p>Det planlegges fortl\u00f8pende nye arrangementer for alle studenter. Info om disse kan du finne p\u00e5 ELSA Bergens facebookside.<\/p>\n<p>Som medlem kan du komme med innspill, delta p\u00e5 m\u00f8ter eller hjelpe til med planleggingen og gjennomf\u00f8ringen av ulike arrangementer. Bli med og skap det best tilbudet til Bergens studenter!<\/p>\n<p>&nbsp;<\/p>\n<p><strong>ENGLISH VERSION<\/strong><\/p>\n<p><strong>Seminar og aktueltgruppen (s<\/strong><strong>eminar and current events)<br \/>\n<\/strong>Seminar and current events is a subgroup of ELSAs Seminar and conferences (S&amp;C). The group plans and organizes events such as lectures, seminars, courses and company visits. Any activity by the organization is open for all students and others that may be interested.<\/p>\n<p>The seminar and current events group is open for everyone who wishes to plan events that are both socially and professionally pertinent to the faculty. The group consists of a committee and our active members. As a law student at UiB you\u2019re automatically a member of ELSA, and you are more than welcome to participate and plan events with us.<\/p>\n<p>&nbsp;<\/p>\n<p><strong>A diversity of events<br \/>\n<\/strong>The seminar and current events group plans several events each semester and is free to implement any event they feel are suitable for the organization. The group has invited students to lectures relevant for exams, lunchseminars and other events currently relevant for students. Previous semesters, the group has invited to lectures about the oil crises, human rights with Jan Fridthjof Bernt, a lecture with Elsbeth Tronstad from the Directorate of Foreign Affairs, a lecture with Gaza situated Doctor Erik Fosse and a debate about the EEA-agreement with current prime minister Jonas Gahr St\u00f8re. The group has also arranged visits to the police and Hordaland Tingrett, the regional courthouse in Bergen.<\/p>\n<p>The seminar and current events group plans events consecutively throughout the semester. You can find information about the events on ELSA Bergens facebook-page.<\/p>\n<p>As a member you are welcome to suggest ideas for future events and participate with the planning of events and meetings. Join us in creating the best events for the students in Bergen!<\/p>\n","protected":false},"excerpt":{"rendered":"<p>Seminar- og aktueltgruppen Seminar- og aktueltgruppen er en av undergruppene innenfor Seminar og konferanser (S&amp;C) i ELSA. Gruppen arrangerer alt fra foredrag, seminarer, kurs, bedriftsbes\u00f8k mm. Arrangementene er \u00e5pne for alle studenter og andre interesserte. Gruppen er \u00e5pen for alle som \u00f8nsker \u00e5 v\u00e6re med p\u00e5 \u00e5 arrangere noe sosialt og faglig relevant ved siden [&hellip;]<\/p>\n","protected":false},"author":12,"featured_media":0,"parent":0,"menu_order":0,"comment_status":"closed","ping_status":"closed","template":"","meta":{"footnotes":""},"class_list":["post-2669","page","type-page","status-publish","hentry"],"_links":{"self":[{"href":"https:\/\/elsa.no\/bergen\/wp-json\/wp\/v2\/pages\/2669","targetHints":{"allow":["GET"]}}],"collection":[{"href":"https:\/\/elsa.no\/bergen\/wp-json\/wp\/v2\/pages"}],"about":[{"href":"https:\/\/elsa.no\/bergen\/wp-json\/wp\/v2\/types\/page"}],"author":[{"embeddable":true,"href":"https:\/\/elsa.no\/bergen\/wp-json\/wp\/v2\/users\/12"}],"replies":[{"embeddable":true,"href":"https:\/\/elsa.no\/bergen\/wp-json\/wp\/v2\/comments?post=2669"}],"version-history":[{"count":16,"href":"https:\/\/elsa.no\/bergen\/wp-json\/wp\/v2\/pages\/2669\/revisions"}],"predecessor-version":[{"id":4446,"href":"https:\/\/elsa.no\/bergen\/wp-json\/wp\/v2\/pages\/2669\/revisions\/4446"}],"wp:attachment":[{"href":"https:\/\/elsa.no\/bergen\/wp-json\/wp\/v2\/media?parent=2669"}],"curies":[{"name":"wp","href":"https:\/\/api.w.org\/{rel}","templated":true}]}}

<div id="attachment_2878" style="width: 310px" class="wp-caption alignright"><img loading="lazy" decoding="async" aria-describedby="caption-attachment-2878" class="size-medium wp-image-2878" src="https://elsa.no/bergen/files/2018/10/Seminar-og-aktueltgruppen-300x247.jpg" alt="Seminar- og aktueltgruppen i ELSA Bergen." width="300" height="247" srcset="https://elsa.no/bergen/files/2018/10/Seminar-og-aktueltgruppen-300x247.jpg 300w, https://elsa.no/bergen/files/2018/10/Seminar-og-aktueltgruppen-768x633.jpg 768w, https://elsa.no/bergen/files/2018/10/Seminar-og-aktueltgruppen-1030x849.jpg 1030w, https://elsa.no/bergen/files/2018/10/Seminar-og-aktueltgruppen-1500x1236.jpg 1500w, https://elsa.no/bergen/files/2018/10/Seminar-og-aktueltgruppen-705x581.jpg 705w, https://elsa.no/bergen/files/2018/10/Seminar-og-aktueltgruppen-450x371.jpg 450w" sizes="auto, (max-width: 300px) 100vw, 300px" /><p id="caption-attachment-2878" class="wp-caption-text">Seminar- og aktueltgruppen vil gjerne ha deg med på laget!</p></div>
<p><strong>Seminar- og aktueltgruppen<br />
</strong>Seminar- og aktueltgruppen er en av undergruppene innenfor Seminar og konferanser (S&amp;C) i ELSA. Gruppen arrangerer alt fra foredrag, seminarer, kurs, bedriftsbesøk mm. Arrangementene er åpne for alle studenter og andre interesserte.</p>
<p>Gruppen er åpen for alle som ønsker å være med på å arrangere noe sosialt og faglig relevant ved siden av studiene. Den består av et styre og øvrige aktive medlemmer. Som jusstudent ved UiB er du automatisk meldt inn som medlem av ELSA og hjertelig velkommen til å delta på arrangementer og møter i regi av seminar- og aktueltgruppen.</p>
<p>&nbsp;</p>
<p><strong>Et mangfold av aktiviteter<br />
</strong>Seminar- og aktueltgruppen arrangerer flere ulike arrangementer hvert semester, og står i stor grad fri til å gjennomføre de arrangementene gruppa selv ønsker. Gruppa inviterer blant annet til eksamensrelaterte foredrag, lunsjseminarer og andre dagsaktuelle arrangementer for studentene. Tidligere har man også arrangert foredrag om menneskerettigheter med Jan Fridthjof Bernt, foredrag om oljekrisen, foredrag med tidligere statssekretær Elsbeth Tronstad fra UD, foredrag med Gaza-lege Erik Fosse og debatt om EØS med Jonas Gahr Støre. Det er også blitt arrangert bedriftsbesøk til Politiet og Bergen Tingrett.</p>
<p>Det planlegges fortløpende nye arrangementer for alle studenter. Info om disse kan du finne på ELSA Bergens facebookside.</p>
<p>Som medlem kan du komme med innspill, delta på møter eller hjelpe til med planleggingen og gjennomføringen av ulike arrangementer. Bli med og skap det best tilbudet til Bergens studenter!</p>
<p>&nbsp;</p>
<p><strong>ENGLISH VERSION</strong></p>
<p><strong>Seminar og aktueltgruppen (s</strong><strong>eminar and current events)<br />
</strong>Seminar and current events is a subgroup of ELSAs Seminar and conferences (S&amp;C). The group plans and organizes events such as lectures, seminars, courses and company visits. Any activity by the organization is open for all students and others that may be interested.</p>
<p>The seminar and current events group is open for everyone who wishes to plan events that are both socially and professionally pertinent to the faculty. The group consists of a committee and our active members. As a law student at UiB you’re automatically a member of ELSA, and you are more than welcome to participate and plan events with us.</p>
<p>&nbsp;</p>
<p><strong>A diversity of events<br />
</strong>The seminar and current events group plans several events each semester and is free to implement any event they feel are suitable for the organization. The group has invited students to lectures relevant for exams, lunchseminars and other events currently relevant for students. Previous semesters, the group has invited to lectures about the oil crises, human rights with Jan Fridthjof Bernt, a lecture with Elsbeth Tronstad from the Directorate of Foreign Affairs, a lecture with Gaza situated Doctor Erik Fosse and a debate about the EEA-agreement with current prime minister Jonas Gahr Støre. The group has also arranged visits to the police and Hordaland Tingrett, the regional courthouse in Bergen.</p>
<p>The seminar and current events group plans events consecutively throughout the semester. You can find information about the events on ELSA Bergens facebook-page.</p>
<p>As a member you are welcome to suggest ideas for future events and participate with the planning of events and meetings. Join us in creating the best events for the students in Bergen!</p>

<p>Seminar- og aktueltgruppen Seminar- og aktueltgruppen er en av undergruppene innenfor Seminar og konferanser (S&amp;C) i ELSA. Gruppen arrangerer alt fra foredrag, seminarer, kurs, bedriftsbesøk mm. Arrangementene er åpne for alle studenter og andre interesserte. Gruppen er åpen for alle som ønsker å være med på å arrangere noe sosialt og faglig relevant ved siden [&hellip;]</p>
