{"id":1748,"date":"2017-12-19T13:44:57","date_gmt":"2017-12-19T12:44:57","guid":{"rendered":"http:\/\/elsa.no\/bergen\/?page_id=1748"},"modified":"2025-01-27T22:43:29","modified_gmt":"2025-01-27T21:43:29","slug":"forhandlingskonkurransen","status":"publish","type":"page","link":"https:\/\/elsa.no\/bergen\/competitions\/forhandlingskonkurransen\/","title":{"rendered":"Forhandlingskonkurransen"},"content":{"rendered":"<p>ELSA Bergens forhandlingskonkurranse er en konkurranse i forhandlingsteknikk som arrangeres i samarbeid med <a href=\"https:\/\/www.schjodt.no\/karriere\/\" target=\"_blank\" rel=\"noopener\">Schj\u00f8dt<\/a>.<\/p>\n<p>Forhandlingskonkurransen best\u00e5r av fire samlinger, hvorav den f\u00f8rste samlingen er <strong><a href=\"https:\/\/elsa.no\/bergen\/forhandlingskonkurransen\/kurs\/\" target=\"_blank\" rel=\"noopener\">et kurs i forhandlingsteknikk<\/a><\/strong> mens de p\u00e5f\u00f8lgende tre best\u00e5r av forhandlingskonkurranser mellom p\u00e5meldte studentlag. Selve kurset er \u00e5pent for alle. I 2025 foreg\u00e5r konkurransen mellom 13. februar og 20. februar.<\/p>\n<p>Hvert lag best\u00e5r av to studenter, og det er til sammen plass til 16 deltakere fordelt p\u00e5 \u00e5tte lag.<\/p>\n<p>Konkurransen er \u00e5pen for studenter p\u00e5 alle \u00e5rstrinn, og oppgavene er utformet for \u00e5 ta hensyn til at studentene har ulik erfaring med de enkelte rettslige omr\u00e5dene.<\/p>\n<p>Finalen avholdes hos Schj\u00f8dt og er \u00e5pen for alle interesserte.<\/p>\n<p>Alle som deltar i selve forhandlingskonkurransen f\u00e5r diplom etter hvor langt i forhandlingskonkurransen de har kommet.<\/p>\n<p>Les artikler fra tidligere forhandlingskonkurranser <strong><a href=\"https:\/\/elsa.no\/bergen\/2018\/05\/12\/forhandling-fryder\/\">HER<\/a><\/strong> og <strong><a href=\"https:\/\/elsa.no\/bergen\/2018\/02\/23\/forhandlet-seg-til-gull\/\">HER<\/a><\/strong>.<\/p>\n<h4>P\u00e5melding<\/h4>\n<ul>\n<li><strong><a href=\"https:\/\/elsa.no\/bergen\/forhandlingskonkurransen\/kurs\/\">P\u00e5melding til forhandlingskurset finner du her<\/a><br \/>\n<\/strong><\/li>\n<li><strong><a href=\"https:\/\/elsa.no\/bergen\/forhandlingskonkurransen\/pamelding\/\">P\u00e5melding til forhandlingskonkurransen finner du her<\/a><\/strong><\/li>\n<\/ul>\n","protected":false},"excerpt":{"rendered":"<p>ELSA Bergens forhandlingskonkurranse er en konkurranse i forhandlingsteknikk som arrangeres i samarbeid med Schj\u00f8dt. Forhandlingskonkurransen best\u00e5r av fire samlinger, hvorav den f\u00f8rste samlingen er et kurs i forhandlingsteknikk mens de p\u00e5f\u00f8lgende tre best\u00e5r av forhandlingskonkurranser mellom p\u00e5meldte studentlag. Selve kurset er \u00e5pent for alle. I 2025 foreg\u00e5r konkurransen mellom 13. februar og 20. februar. Hvert [&hellip;]<\/p>\n","protected":false},"author":12,"featured_media":0,"parent":29,"menu_order":0,"comment_status":"closed","ping_status":"closed","template":"","meta":{"footnotes":""},"class_list":["post-1748","page","type-page","status-publish","hentry"],"_links":{"self":[{"href":"https:\/\/elsa.no\/bergen\/wp-json\/wp\/v2\/pages\/1748","targetHints":{"allow":["GET"]}}],"collection":[{"href":"https:\/\/elsa.no\/bergen\/wp-json\/wp\/v2\/pages"}],"about":[{"href":"https:\/\/elsa.no\/bergen\/wp-json\/wp\/v2\/types\/page"}],"author":[{"embeddable":true,"href":"https:\/\/elsa.no\/bergen\/wp-json\/wp\/v2\/users\/12"}],"replies":[{"embeddable":true,"href":"https:\/\/elsa.no\/bergen\/wp-json\/wp\/v2\/comments?post=1748"}],"version-history":[{"count":12,"href":"https:\/\/elsa.no\/bergen\/wp-json\/wp\/v2\/pages\/1748\/revisions"}],"predecessor-version":[{"id":5069,"href":"https:\/\/elsa.no\/bergen\/wp-json\/wp\/v2\/pages\/1748\/revisions\/5069"}],"up":[{"embeddable":true,"href":"https:\/\/elsa.no\/bergen\/wp-json\/wp\/v2\/pages\/29"}],"wp:attachment":[{"href":"https:\/\/elsa.no\/bergen\/wp-json\/wp\/v2\/media?parent=1748"}],"curies":[{"name":"wp","href":"https:\/\/api.w.org\/{rel}","templated":true}]}}

<p>ELSA Bergens forhandlingskonkurranse er en konkurranse i forhandlingsteknikk som arrangeres i samarbeid med <a href="https://www.schjodt.no/karriere/" target="_blank" rel="noopener">Schjødt</a>.</p>
<p>Forhandlingskonkurransen består av fire samlinger, hvorav den første samlingen er <strong><a href="https://elsa.no/bergen/forhandlingskonkurransen/kurs/" target="_blank" rel="noopener">et kurs i forhandlingsteknikk</a></strong> mens de påfølgende tre består av forhandlingskonkurranser mellom påmeldte studentlag. Selve kurset er åpent for alle. I 2025 foregår konkurransen mellom 13. februar og 20. februar.</p>
<p>Hvert lag består av to studenter, og det er til sammen plass til 16 deltakere fordelt på åtte lag.</p>
<p>Konkurransen er åpen for studenter på alle årstrinn, og oppgavene er utformet for å ta hensyn til at studentene har ulik erfaring med de enkelte rettslige områdene.</p>
<p>Finalen avholdes hos Schjødt og er åpen for alle interesserte.</p>
<p>Alle som deltar i selve forhandlingskonkurransen får diplom etter hvor langt i forhandlingskonkurransen de har kommet.</p>
<p>Les artikler fra tidligere forhandlingskonkurranser <strong><a href="https://elsa.no/bergen/2018/05/12/forhandling-fryder/">HER</a></strong> og <strong><a href="https://elsa.no/bergen/2018/02/23/forhandlet-seg-til-gull/">HER</a></strong>.</p>
<h4>Påmelding</h4>
<ul>
<li><strong><a href="https://elsa.no/bergen/forhandlingskonkurransen/kurs/">Påmelding til forhandlingskurset finner du her</a><br />
</strong></li>
<li><strong><a href="https://elsa.no/bergen/forhandlingskonkurransen/pamelding/">Påmelding til forhandlingskonkurransen finner du her</a></strong></li>
</ul>

<p>ELSA Bergens forhandlingskonkurranse er en konkurranse i forhandlingsteknikk som arrangeres i samarbeid med Schjødt. Forhandlingskonkurransen består av fire samlinger, hvorav den første samlingen er et kurs i forhandlingsteknikk mens de påfølgende tre består av forhandlingskonkurranser mellom påmeldte studentlag. Selve kurset er åpent for alle. I 2025 foregår konkurransen mellom 13. februar og 20. februar. Hvert [&hellip;]</p>
